Last updated on 2023-01-29 11:07:36 CET.
Flavor | Version | Tinstall | Tcheck | Ttotal | Status | Flags |
---|---|---|---|---|---|---|
r-devel-linux-x86_64-debian-clang | 1.9-2 | 29.21 | 158.79 | 188.00 | OK | |
r-devel-linux-x86_64-debian-gcc | 1.9-2 | 18.49 | 116.52 | 135.01 | OK | |
r-devel-linux-x86_64-fedora-clang | 1.9-2 | 227.54 | NOTE | |||
r-devel-linux-x86_64-fedora-gcc | 1.9-2 | 220.15 | OK | |||
r-devel-windows-x86_64 | 1.9-2 | 107.00 | 205.00 | 312.00 | OK | |
r-patched-linux-x86_64 | 1.9-2 | 38.93 | 166.36 | 205.29 | OK | |
r-release-linux-x86_64 | 1.9-2 | 33.44 | 168.27 | 201.71 | OK | |
r-release-macos-arm64 | 1.9-2 | 101.00 | OK | |||
r-release-macos-x86_64 | 1.9-2 | 164.00 | OK | |||
r-release-windows-x86_64 | 1.9-2 | 54.00 | 186.00 | 240.00 | OK | |
r-oldrel-macos-arm64 | 1.9-2 | 93.00 | OK | |||
r-oldrel-macos-x86_64 | 1.9-2 | 159.00 | OK | |||
r-oldrel-windows-ix86+x86_64 | 1.9-2 | 45.00 | 195.00 | 240.00 | OK |
Version: 1.9-2
Check: Rd cross-references
Result: NOTE
Undeclared package ‘car’ in Rd xrefs
Flavor: r-devel-linux-x86_64-fedora-clang