CRAN Package Check Results for Package geiger

Last updated on 2021-12-03 10:50:50 CET.

Flavor Version Tinstall Tcheck Ttotal Status Flags
r-devel-linux-x86_64-debian-clang 2.0.7 45.40 175.80 221.20 OK
r-devel-linux-x86_64-debian-gcc 2.0.7 36.40 131.53 167.93 OK
r-devel-linux-x86_64-fedora-clang 2.0.7 281.58 NOTE
r-devel-linux-x86_64-fedora-gcc 2.0.7 268.91 OK
r-devel-windows-x86_64-new-UL 2.0.7 77.00 251.00 328.00 OK
r-devel-windows-x86_64-new-TK 2.0.7 OK
r-devel-windows-x86_64-old 2.0.7 66.00 155.00 221.00 OK
r-patched-linux-x86_64 2.0.7 44.08 154.45 198.53 OK
r-patched-solaris-x86 2.0.7 303.30 OK
r-release-linux-x86_64 2.0.7 37.34 155.03 192.37 OK
r-release-macos-arm64 2.0.7 OK
r-release-macos-x86_64 2.0.7 OK
r-release-windows-ix86+x86_64 2.0.7 99.00 240.00 339.00 OK
r-oldrel-macos-x86_64 2.0.7 OK
r-oldrel-windows-ix86+x86_64 2.0.7 102.00 240.00 342.00 OK

Check Details

Version: 2.0.7
Check: Rd cross-references
Result: NOTE
    Undeclared package ‘TreeSim’ in Rd xrefs
Flavor: r-devel-linux-x86_64-fedora-clang