CRAN Package Check Results for Package geex

Last updated on 2022-05-17 10:49:46 CEST.

Flavor Version Tinstall Tcheck Ttotal Status Flags
r-devel-linux-x86_64-debian-clang 1.0.12 5.57 333.31 338.88 OK
r-devel-linux-x86_64-debian-gcc 1.0.12 4.14 229.21 233.35 OK
r-devel-linux-x86_64-fedora-clang 1.0.12 367.02 NOTE
r-devel-linux-x86_64-fedora-gcc 1.0.12 365.43 NOTE
r-devel-windows-x86_64 1.0.12 50.00 353.00 403.00 OK
r-patched-linux-x86_64 1.0.12 5.23 304.36 309.59 OK
r-release-linux-x86_64 1.0.12 4.83 299.75 304.58 OK
r-release-macos-arm64 1.0.12 86.00 NOTE
r-release-macos-x86_64 1.0.12 144.00 NOTE
r-release-windows-x86_64 1.0.12 61.00 362.00 423.00 OK
r-oldrel-macos-arm64 1.0.12 91.00 NOTE
r-oldrel-macos-x86_64 1.0.12 142.00 NOTE
r-oldrel-windows-ix86+x86_64 1.0.12 14.00 380.00 394.00 OK

Check Details

Version: 1.0.12
Check: dependencies in R code
Result: NOTE
    Namespace in Imports field not imported from: ‘rootSolve’
     All declared Imports should be used.
Flavors: r-devel-linux-x86_64-fedora-clang, r-devel-linux-x86_64-fedora-gcc, r-release-macos-arm64, r-release-macos-x86_64, r-oldrel-macos-arm64, r-oldrel-macos-x86_64