CRAN Package Check Results for Package geesmv

Last updated on 2024-02-24 09:50:28 CET.

Flavor Version Tinstall Tcheck Ttotal Status Flags
r-devel-linux-x86_64-debian-clang 1.3 6.38 44.23 50.61 NOTE
r-devel-linux-x86_64-debian-gcc 1.3 4.84 34.36 39.20 NOTE
r-devel-linux-x86_64-fedora-clang 1.3 63.22 OK
r-devel-linux-x86_64-fedora-gcc 1.3 61.91 OK
r-devel-windows-x86_64 1.3 6.00 56.00 62.00 OK
r-patched-linux-x86_64 1.3 6.95 42.62 49.57 OK
r-release-linux-x86_64 1.3 6.07 42.48 48.55 OK
r-release-macos-arm64 1.3 22.00 OK
r-release-macos-x86_64 1.3 33.00 OK
r-release-windows-x86_64 1.3 7.00 58.00 65.00 OK
r-oldrel-macos-arm64 1.3 23.00 OK
r-oldrel-windows-x86_64 1.3 7.00 61.00 68.00 OK

Check Details

Version: 1.3
Check: Rd files
Result: NOTE checkRd: (-1) dental.Rd:15: Lost braces in \itemize; meant \describe ? checkRd: (-1) dental.Rd:16: Lost braces in \itemize; meant \describe ? checkRd: (-1) dental.Rd:17: Lost braces in \itemize; meant \describe ? checkRd: (-1) dental.Rd:18: Lost braces in \itemize; meant \describe ? checkRd: (-1) dental.Rd:19: Lost braces in \itemize; meant \describe ? checkRd: (-1) dental.Rd:20: Lost braces in \itemize; meant \describe ? checkRd: (-1) seizure.Rd:15: Lost braces in \itemize; meant \describe ? checkRd: (-1) seizure.Rd:16: Lost braces in \itemize; meant \describe ? checkRd: (-1) seizure.Rd:17: Lost braces in \itemize; meant \describe ? checkRd: (-1) seizure.Rd:18: Lost braces in \itemize; meant \describe ? checkRd: (-1) seizure.Rd:19: Lost braces in \itemize; meant \describe ? checkRd: (-1) seizure.Rd:20: Lost braces in \itemize; meant \describe ? checkRd: (-1) seizure.Rd:21: Lost braces in \itemize; meant \describe ? Flavors: r-devel-linux-x86_64-debian-clang, r-devel-linux-x86_64-debian-gcc