Last updated on 2023-11-28 10:53:27 CET.
Flavor | Version | Tinstall | Tcheck | Ttotal | Status | Flags |
---|---|---|---|---|---|---|
r-devel-linux-x86_64-debian-clang | 4.13-25 | 13.80 | 23.84 | 37.64 | OK | |
r-devel-linux-x86_64-debian-gcc | 4.13-26 | 3.48 | 18.95 | 22.43 | OK | |
r-devel-linux-x86_64-fedora-clang | 4.13-26 | 45.27 | OK | |||
r-devel-linux-x86_64-fedora-gcc | 4.13-26 | 36.07 | OK | |||
r-devel-windows-x86_64 | 4.13-25 | 7.00 | 45.00 | 52.00 | WARN | |
r-patched-linux-x86_64 | 4.13-25 | 4.42 | 23.97 | 28.39 | OK | |
r-release-linux-x86_64 | 4.13-25 | 4.63 | 23.71 | 28.34 | OK | |
r-release-macos-arm64 | 4.13-26 | 35.00 | OK | |||
r-release-macos-x86_64 | 4.13-25 | 27.00 | OK | |||
r-release-windows-x86_64 | 4.13-26 | 9.00 | 46.00 | 55.00 | OK | |
r-oldrel-macos-arm64 | 4.13-26 | 38.00 | OK | |||
r-oldrel-macos-x86_64 | 4.13-25 | 27.00 | OK | |||
r-oldrel-windows-x86_64 | 4.13-25 | 8.00 | 48.00 | 56.00 | OK |
Version: 4.13-25
Check: whether package can be installed
Result: WARN
Found the following significant warnings:
ugee.c:813:53: warning: format '%d' expects argument of type 'int', but argument 2 has type 'long long unsigned int' [-Wformat=]
See 'd:/Rcompile/CRANpkg/local/4.4/gee.Rcheck/00install.out' for details.
* used C compiler: 'gcc.exe (GCC) 12.3.0'
* used Fortran compiler: 'GNU Fortran (GCC) 12.3.0'
Flavor: r-devel-windows-x86_64