CRAN Package Check Results for Package geckor

Last updated on 2022-11-27 09:53:28 CET.

Flavor Version Tinstall Tcheck Ttotal Status Flags
r-devel-linux-x86_64-debian-clang 0.2.0 4.38 54.70 59.08 OK
r-devel-linux-x86_64-debian-gcc 0.2.0 3.17 69.17 72.34 OK
r-devel-linux-x86_64-fedora-clang 0.2.0 134.27 NOTE
r-devel-linux-x86_64-fedora-gcc 0.2.0 121.03 NOTE
r-devel-windows-x86_64 0.2.0 16.00 337.00 353.00 OK
r-patched-linux-x86_64 0.2.0 4.01 53.19 57.20 OK
r-release-linux-x86_64 0.2.0 3.49 50.17 53.66 OK
r-release-macos-arm64 0.2.0 227.00 NOTE
r-release-macos-x86_64 0.2.0 266.00 NOTE
r-release-windows-x86_64 0.2.0 32.00 347.00 379.00 OK
r-oldrel-macos-arm64 0.2.0 226.00 NOTE
r-oldrel-macos-x86_64 0.2.0 239.00 NOTE
r-oldrel-windows-ix86+x86_64 0.2.0 9.00 317.00 326.00 OK

Check Details

Version: 0.2.0
Check: dependencies in R code
Result: NOTE
    Namespaces in Imports field not imported from:
     ‘knitr’ ‘lifecycle’
     All declared Imports should be used.
Flavors: r-devel-linux-x86_64-fedora-clang, r-devel-linux-x86_64-fedora-gcc, r-release-macos-arm64, r-release-macos-x86_64, r-oldrel-macos-arm64, r-oldrel-macos-x86_64