CRAN Package Check Results for Package gdalUtils

Last updated on 2021-11-26 10:50:28 CET.

Flavor Version Tinstall Tcheck Ttotal Status Flags
r-devel-linux-x86_64-debian-clang 2.0.3.2 27.47 231.22 258.69 OK
r-devel-linux-x86_64-debian-gcc 2.0.3.2 21.97 174.78 196.75 OK
r-devel-linux-x86_64-fedora-clang 2.0.3.2 316.40 OK
r-devel-linux-x86_64-fedora-gcc 2.0.3.2 313.67 OK
r-devel-windows-x86_64-new-UL 2.0.3.2 42.00 0.00 42.00 FAIL
r-devel-windows-x86_64-new-TK 2.0.3.2 ERROR
r-devel-windows-x86_64-old 2.0.3.2 26.00 280.00 306.00 OK
r-patched-linux-x86_64 2.0.3.2 21.78 225.86 247.64 OK
r-patched-solaris-x86 2.0.3.2 363.80 OK
r-release-linux-x86_64 2.0.3.2 OK
r-release-macos-arm64 2.0.3.2 OK
r-release-macos-x86_64 2.0.3.2 OK
r-release-windows-ix86+x86_64 2.0.3.2 56.00 185.00 241.00 OK
r-oldrel-macos-x86_64 2.0.3.2 OK
r-oldrel-windows-ix86+x86_64 2.0.3.2 38.00 263.00 301.00 OK

Check Details

Version: 2.0.3.2
Check: examples
Result: FAIL
    Check process probably crashed or hung up for 20 minutes ... killed
    Most likely this happened in the example checks (?),
    if not, ignore the following last lines of example output:
    Warning in gdal_setInstallation() :
     If you think GDAL is installed, please run:
    gdal_setInstallation(ignore.full_scan=FALSE)
    > valid_install <- !is.null(getOption("gdalUtils_gdalPath"))
    > if(valid_install)
    + {
    + src_dataset <- system.file("external/tahoe_highrez.tif", package="gdalUtils")
    + # Raw output of a single coordinate:
    + gdallocationinfo(srcfile=src_dataset,x=10,y=10)
    +
    + # A matrix of coordinates and a clean, matrix output:
    + coords <- rbind(c(10,10),c(20,20),c(30,30))
    + gdallocationinfo(srcfile=src_dataset,coords=coords,valonly=TRUE,raw_output=FALSE)
    + }
    >
    >
    >
    > cleanEx()
    > nameEx("gdalmanage")
    > ### * gdalmanage
    >
    > flush(stderr()); flush(stdout())
    >
    > ### Name: gdalmanage
    > ### Title: gdalmanage
    > ### Aliases: gdalmanage
    >
    > ### ** Examples
    >
    > gdal_setInstallation()
    ======== End of example output (where/before crash/hang up occured ?) ========
Flavor: r-devel-windows-x86_64-new-UL

Version: 2.0.3.2
Check: examples
Result: ERROR
    Running examples in 'gdalUtils-Ex.R' failed
    The error most likely occurred in:
    
    > ### Name: gdal_translate
    > ### Title: gdal_translate
    > ### Aliases: gdal_translate
    >
    > ### ** Examples
    >
    > # We'll pre-check to make sure there is a valid GDAL install
    > # and that raster and rgdal are also installed.
    > # Note this isn't strictly neccessary, as executing the function will
    > # force a search for a valid GDAL install.
    > outdir <- tempdir()
    > gdal_setInstallation()
Flavor: r-devel-windows-x86_64-new-TK