CRAN Package Check Results for Package gcite

Last updated on 2023-01-28 10:51:29 CET.

Flavor Version Tinstall Tcheck Ttotal Status Flags
r-devel-linux-x86_64-debian-clang 0.10.1 5.05 43.12 48.17 NOTE
r-devel-linux-x86_64-debian-gcc 0.10.1 3.98 33.45 37.43 NOTE
r-devel-linux-x86_64-fedora-clang 0.10.1 60.16 NOTE
r-devel-linux-x86_64-fedora-gcc 0.10.1 59.37 NOTE
r-devel-windows-x86_64 0.10.1 20.00 72.00 92.00 NOTE
r-patched-linux-x86_64 0.10.1 7.73 42.29 50.02 NOTE
r-release-linux-x86_64 0.10.1 5.15 42.70 47.85 NOTE
r-release-macos-arm64 0.10.1 20.00 NOTE
r-release-macos-x86_64 0.10.1 31.00 NOTE
r-release-windows-x86_64 0.10.1 21.00 72.00 93.00 NOTE
r-oldrel-macos-arm64 0.10.1 23.00 NOTE
r-oldrel-macos-x86_64 0.10.1 31.00 NOTE
r-oldrel-windows-ix86+x86_64 0.10.1 12.00 68.00 80.00 NOTE

Check Details

Version: 0.10.1
Check: LazyData
Result: NOTE
     'LazyData' is specified without a 'data' directory
Flavors: r-devel-linux-x86_64-debian-clang, r-devel-linux-x86_64-debian-gcc, r-devel-linux-x86_64-fedora-clang, r-devel-linux-x86_64-fedora-gcc, r-devel-windows-x86_64, r-patched-linux-x86_64, r-release-linux-x86_64, r-release-macos-arm64, r-release-macos-x86_64, r-release-windows-x86_64, r-oldrel-macos-arm64, r-oldrel-macos-x86_64, r-oldrel-windows-ix86+x86_64