CRAN Package Check Results for Package gamlss.dist

Last updated on 2022-09-29 09:55:31 CEST.

Flavor Version Tinstall Tcheck Ttotal Status Flags
r-devel-linux-x86_64-debian-clang 6.0-5 57.39 254.56 311.95 OK
r-devel-linux-x86_64-debian-gcc 6.0-5 36.59 183.01 219.60 OK
r-devel-linux-x86_64-fedora-clang 6.0-5 400.86 NOTE
r-devel-linux-x86_64-fedora-gcc 6.0-5 405.76 OK
r-devel-windows-x86_64 6.0-5 160.00 258.00 418.00 OK
r-patched-linux-x86_64 6.0-5 60.76 240.83 301.59 OK
r-release-linux-x86_64 6.0-5 52.49 241.56 294.05 OK
r-release-macos-arm64 6.0-5 88.00 OK
r-release-macos-x86_64 6.0-5 126.00 OK
r-release-windows-x86_64 6.0-5 379.00 258.00 637.00 OK
r-oldrel-macos-arm64 6.0-5 83.00 OK
r-oldrel-macos-x86_64 6.0-5 130.00 OK
r-oldrel-windows-ix86+x86_64 6.0-5 105.00 262.00 367.00 OK

Check Details

Version: 6.0-5
Check: Rd cross-references
Result: NOTE
    Undeclared package ‘gamlss’ in Rd xrefs
Flavor: r-devel-linux-x86_64-fedora-clang