CRAN Package Check Results for Package gamlss.data

Last updated on 2022-09-30 10:53:51 CEST.

Flavor Version Tinstall Tcheck Ttotal Status Flags
r-devel-linux-x86_64-debian-clang 6.0-2 3.57 30.81 34.38 NOTE
r-devel-linux-x86_64-debian-gcc 6.0-2 2.55 23.90 26.45 NOTE
r-devel-linux-x86_64-fedora-clang 6.0-2 54.36 NOTE
r-devel-linux-x86_64-fedora-gcc 6.0-2 54.68 NOTE
r-devel-windows-x86_64 6.0-2 63.00 65.00 128.00 NOTE
r-patched-linux-x86_64 6.0-2 3.82 29.92 33.74 OK
r-release-linux-x86_64 6.0-2 3.36 29.20 32.56 OK
r-release-macos-arm64 6.0-2 20.00 OK
r-release-macos-x86_64 6.0-2 29.00 OK
r-release-windows-x86_64 6.0-2 12.00 56.00 68.00 OK
r-oldrel-macos-arm64 6.0-2 19.00 OK
r-oldrel-macos-x86_64 6.0-2 32.00 OK
r-oldrel-windows-ix86+x86_64 6.0-2 8.00 50.00 58.00 OK

Check Details

Version: 6.0-2
Check: Rd files
Result: NOTE
    checkRd: (-1) LGAclaims.Rd:30: Escaped LaTeX specials: \_
    checkRd: (-1) LGAclaims.Rd:34: Escaped LaTeX specials: \_
    checkRd: (-1) LGAclaims.Rd:35: Escaped LaTeX specials: \_
    checkRd: (-1) LGAclaims.Rd:36: Escaped LaTeX specials: \_
Flavors: r-devel-linux-x86_64-debian-clang, r-devel-linux-x86_64-debian-gcc, r-devel-linux-x86_64-fedora-clang, r-devel-linux-x86_64-fedora-gcc, r-devel-windows-x86_64