CRAN Package Check Results for Package gamlss.countKinf

Last updated on 2022-06-30 09:52:42 CEST.

Flavor Version Tinstall Tcheck Ttotal Status Flags
r-devel-linux-x86_64-debian-clang 3.5.1 14.49 119.05 133.54 NOTE
r-devel-linux-x86_64-debian-gcc 3.5.1 13.55 88.17 101.72 NOTE
r-devel-linux-x86_64-fedora-clang 3.5.1 162.69 NOTE
r-devel-linux-x86_64-fedora-gcc 3.5.1 164.59 NOTE
r-devel-windows-x86_64 3.5.1 97.00 131.00 228.00 NOTE
r-patched-linux-x86_64 3.5.1 18.13 112.19 130.32 NOTE
r-release-linux-x86_64 3.5.1 14.75 110.43 125.18 NOTE
r-release-macos-arm64 3.5.1 44.00 NOTE
r-release-macos-x86_64 3.5.1 58.00 NOTE
r-release-windows-x86_64 3.5.1 103.00 129.00 232.00 NOTE
r-oldrel-macos-arm64 3.5.1 49.00 NOTE
r-oldrel-macos-x86_64 3.5.1 65.00 NOTE
r-oldrel-windows-ix86+x86_64 3.5.1 29.00 130.00 159.00 NOTE

Check Details

Version: 3.5.1
Check: LazyData
Result: NOTE
     'LazyData' is specified without a 'data' directory
Flavors: r-devel-linux-x86_64-debian-clang, r-devel-linux-x86_64-debian-gcc, r-devel-linux-x86_64-fedora-clang, r-devel-linux-x86_64-fedora-gcc, r-devel-windows-x86_64, r-patched-linux-x86_64, r-release-linux-x86_64, r-release-macos-arm64, r-release-macos-x86_64, r-release-windows-x86_64, r-oldrel-macos-arm64, r-oldrel-macos-x86_64, r-oldrel-windows-ix86+x86_64