CRAN Package Check Results for Package galigor

Last updated on 2022-11-30 10:51:38 CET.

Flavor Version Tinstall Tcheck Ttotal Status Flags
r-devel-linux-x86_64-debian-clang 0.2.5 7.98 66.31 74.29 OK
r-devel-linux-x86_64-debian-gcc 0.2.5 6.13 50.94 57.07 OK
r-devel-linux-x86_64-fedora-clang 0.2.5 101.58 NOTE
r-devel-linux-x86_64-fedora-gcc 0.2.5 97.44 NOTE
r-devel-windows-x86_64 0.2.5 17.00 97.00 114.00 OK
r-patched-linux-x86_64 0.2.5 6.26 63.35 69.61 OK
r-release-linux-x86_64 0.2.5 4.98 63.06 68.04 OK
r-release-macos-arm64 0.2.5 29.00 NOTE
r-release-macos-x86_64 0.2.5 47.00 NOTE
r-release-windows-x86_64 0.2.5 16.00 95.00 111.00 OK
r-oldrel-macos-arm64 0.2.5 43.00 NOTE
r-oldrel-macos-x86_64 0.2.5 39.00 NOTE
r-oldrel-windows-ix86+x86_64 0.2.5 21.00 94.00 115.00 OK

Check Details

Version: 0.2.5
Check: dependencies in R code
Result: NOTE
    Namespaces in Imports field not imported from:
     ‘gargle’ ‘getProxy’ ‘rappsflyer’ ‘rfacebookstat’ ‘rgoogleads’
     ‘rmytarget’ ‘rvkstat’ ‘ryandexdirect’ ‘rym’ ‘tidyr’
     All declared Imports should be used.
Flavors: r-devel-linux-x86_64-fedora-clang, r-devel-linux-x86_64-fedora-gcc, r-release-macos-arm64, r-release-macos-x86_64, r-oldrel-macos-arm64, r-oldrel-macos-x86_64