Last updated on 2023-03-23 10:54:30 CET.
Flavor | Version | Tinstall | Tcheck | Ttotal | Status | Flags |
---|---|---|---|---|---|---|
r-devel-linux-x86_64-debian-clang | 1.1.5 | 58.00 | 608.14 | 666.14 | OK | |
r-devel-linux-x86_64-debian-gcc | 1.1.5 | 50.16 | 462.59 | 512.75 | OK | |
r-devel-linux-x86_64-fedora-clang | 1.1.5 | 885.99 | NOTE | |||
r-devel-linux-x86_64-fedora-gcc | 1.1.5 | 823.08 | OK | |||
r-patched-linux-x86_64 | 1.1.5 | 56.75 | 533.78 | 590.53 | OK | |
r-release-linux-x86_64 | 1.1.5 | 54.05 | 533.82 | 587.87 | OK | |
r-release-macos-arm64 | 1.1.5 | 6.00 | ERROR | |||
r-release-macos-x86_64 | 1.1.5 | 8.00 | ERROR | |||
r-release-windows-x86_64 | 1.1.5 | 81.00 | 542.00 | 623.00 | NOTE | |
r-oldrel-macos-arm64 | 1.1.5 | 10.00 | ERROR | |||
r-oldrel-macos-x86_64 | 1.1.5 | 13.00 | ERROR | |||
r-oldrel-windows-ix86+x86_64 | 1.1.5 | 119.00 | 523.00 | 642.00 | WARN |
Version: 1.1.5
Check: installed package size
Result: NOTE
installed size is 10.7Mb
sub-directories of 1Mb or more:
doc 9.3Mb
Flavors: r-devel-linux-x86_64-fedora-clang, r-release-windows-x86_64, r-oldrel-windows-ix86+x86_64
Version: 1.1.5
Check: package dependencies
Result: ERROR
Package required but not available: ‘cBioPortalData’
See section ‘The DESCRIPTION file’ in the ‘Writing R Extensions’
manual.
Flavors: r-release-macos-arm64, r-release-macos-x86_64, r-oldrel-macos-arm64, r-oldrel-macos-x86_64
Version: 1.1.5
Check: R code for possible problems
Result: NOTE
Initiating curl with CURL_SSL_BACKEND: openssl
Flavor: r-oldrel-windows-ix86+x86_64
Version: 1.1.5
Check: re-building of vignette outputs
Result: WARN
Error(s) in re-building vignettes:
--- re-building 'chart_themes.Rmd' using rmarkdown
Initiating curl with CURL_SSL_BACKEND: openssl
--- finished re-building 'chart_themes.Rmd'
--- re-building 'introduction.Rmd' using rmarkdown
Initiating curl with CURL_SSL_BACKEND: openssl
Quitting from lines 240-253 (introduction.Rmd)
Error: processing vignette 'introduction.Rmd' failed with diagnostics:
cannot open URL 'https://www.cbioportal.org/api/api-docs'
--- failed re-building 'introduction.Rmd'
SUMMARY: processing the following file failed:
'introduction.Rmd'
Error: Vignette re-building failed.
Execution halted
Flavor: r-oldrel-windows-ix86+x86_64