CRAN Package Check Results for Package fuzzyreg

Last updated on 2022-12-04 09:55:17 CET.

Flavor Version Tinstall Tcheck Ttotal Status Flags
r-devel-linux-x86_64-debian-clang 0.6 3.53 41.38 44.91 OK
r-devel-linux-x86_64-debian-gcc 0.6 2.82 32.11 34.93 OK
r-devel-linux-x86_64-fedora-clang 0.6 68.04 OK
r-devel-linux-x86_64-fedora-gcc 0.6 64.44 OK
r-devel-windows-x86_64 0.6 32.00 99.00 131.00 OK
r-patched-linux-x86_64 0.6 2.69 38.68 41.37 OK
r-release-linux-x86_64 0.6 4.09 38.93 43.02 OK
r-release-macos-arm64 0.6 23.00 OK
r-release-macos-x86_64 0.6 31.00 OK
r-release-windows-x86_64 0.6 20.00 87.00 107.00 ERROR
r-oldrel-macos-arm64 0.6 26.00 OK
r-oldrel-macos-x86_64 0.6 31.00 OK
r-oldrel-windows-ix86+x86_64 0.6 9.00 66.00 75.00 OK

Check Details

Version: 0.6
Check: tests
Result: ERROR
     Running 'testthat.R' [2s]
    Running the tests in 'tests/testthat.R' failed.
    Complete output:
     > library(testthat)
     > library(fuzzyreg)
     >
     > test_check("fuzzyreg")
     [ FAIL 1 | WARN 10 | SKIP 0 | PASS 27 ]
    
     ══ Failed tests ════════════════════════════════════════════════════════════════
     ── Failure ('test_correctSolution.R:43'): correct MOFLR ────────────────────────
     fuzzylm(y ~ x, fuzzydat$nas, "moflr", "xl", , "yl")$coef not equivalent to matrix(c(6.07, 7.84, 7.84, 1.67, 0.48, 0.48), ncol = 3, byrow = TRUE).
     2/6 mismatches (average diff: 0.417)
     [1] 6.49 - 6.07 == 0.417
     [2] 1.25 - 1.67 == -0.417
    
     [ FAIL 1 | WARN 10 | SKIP 0 | PASS 27 ]
     Error: Test failures
     Execution halted
Flavor: r-release-windows-x86_64