CRAN Package Check Results for Package frostr

Last updated on 2022-12-07 10:49:59 CET.

Flavor Version Tinstall Tcheck Ttotal Status Flags
r-devel-linux-x86_64-debian-clang 0.2.0 5.35 48.57 53.92 NOTE
r-devel-linux-x86_64-debian-gcc 0.2.0 4.46 37.12 41.58 NOTE
r-devel-linux-x86_64-fedora-clang 0.2.0 77.52 NOTE
r-devel-linux-x86_64-fedora-gcc 0.2.0 75.36 NOTE
r-devel-windows-x86_64 0.2.0 13.00 73.00 86.00 NOTE
r-patched-linux-x86_64 0.2.0 3.93 45.52 49.45 NOTE
r-release-linux-x86_64 0.2.0 5.82 45.29 51.11 NOTE
r-release-macos-arm64 0.2.0 18.00 NOTE
r-release-macos-x86_64 0.2.0 45.00 NOTE
r-release-windows-x86_64 0.2.0 11.00 76.00 87.00 NOTE
r-oldrel-macos-arm64 0.2.0 28.00 NOTE
r-oldrel-macos-x86_64 0.2.0 34.00 NOTE
r-oldrel-windows-ix86+x86_64 0.2.0 14.00 72.00 86.00 NOTE

Check Details

Version: 0.2.0
Check: LazyData
Result: NOTE
     'LazyData' is specified without a 'data' directory
Flavors: r-devel-linux-x86_64-debian-clang, r-devel-linux-x86_64-debian-gcc, r-devel-linux-x86_64-fedora-clang, r-devel-linux-x86_64-fedora-gcc, r-devel-windows-x86_64, r-patched-linux-x86_64, r-release-linux-x86_64, r-release-macos-arm64, r-release-macos-x86_64, r-release-windows-x86_64, r-oldrel-macos-arm64, r-oldrel-macos-x86_64, r-oldrel-windows-ix86+x86_64