Last updated on 2022-05-25 10:53:17 CEST.
Flavor | Version | Tinstall | Tcheck | Ttotal | Status | Flags |
---|---|---|---|---|---|---|
r-devel-linux-x86_64-debian-clang | 0.1-5 | 4.89 | 53.33 | 58.22 | NOTE | |
r-devel-linux-x86_64-debian-gcc | 0.1-5 | 4.64 | 40.83 | 45.47 | NOTE | |
r-devel-linux-x86_64-fedora-clang | 0.1-5 | 69.57 | NOTE | |||
r-devel-linux-x86_64-fedora-gcc | 0.1-5 | 68.22 | NOTE | |||
r-devel-windows-x86_64 | 0.1-5 | 10.00 | 75.00 | 85.00 | NOTE | |
r-patched-linux-x86_64 | 0.1-5 | 5.03 | 50.92 | 55.95 | NOTE | |
r-release-linux-x86_64 | 0.1-5 | NOTE | ||||
r-release-macos-arm64 | 0.1-5 | 24.00 | NOTE | |||
r-release-macos-x86_64 | 0.1-5 | 31.00 | NOTE | |||
r-release-windows-x86_64 | 0.1-5 | 9.00 | 75.00 | 84.00 | NOTE | |
r-oldrel-macos-arm64 | 0.1-5 | 26.00 | NOTE | |||
r-oldrel-macos-x86_64 | 0.1-5 | 40.00 | NOTE | |||
r-oldrel-windows-ix86+x86_64 | 0.1-5 | 12.00 | 63.00 | 75.00 | NOTE |
Version: 0.1-5
Check: dependencies in R code
Result: NOTE
Packages in Depends field not imported from:
'Rmpfr' 'partitions'
These packages need to be imported from (in the NAMESPACE file)
for when this namespace is loaded but not attached.
Flavors: r-devel-linux-x86_64-debian-clang, r-devel-linux-x86_64-debian-gcc, r-devel-linux-x86_64-fedora-clang, r-devel-linux-x86_64-fedora-gcc, r-devel-windows-x86_64, r-patched-linux-x86_64, r-release-linux-x86_64, r-release-macos-arm64, r-release-macos-x86_64, r-release-windows-x86_64, r-oldrel-macos-arm64, r-oldrel-macos-x86_64, r-oldrel-windows-ix86+x86_64
Version: 0.1-5
Check: R code for possible problems
Result: NOTE
Bell : nways: no visible global function definition for 'setparts'
Bell: no visible global function definition for 'restrictedparts'
CalIncLapInt : Deriv: no visible global function definition for 'D'
CalIncLapInt: no visible global function definition for 'is.whole'
CalIncLapInt: no visible global function definition for 'mpfr'
CalIncLapInt: no visible global function definition for 'chooseMpfr'
derivErfc : Deriv: no visible global function definition for 'D'
derivErfc : Erfc: no visible global function definition for 'pnorm'
Undefined global functions or variables:
D chooseMpfr is.whole mpfr pnorm restrictedparts setparts
Consider adding
importFrom("stats", "D", "pnorm")
to your NAMESPACE file.
Flavors: r-devel-linux-x86_64-debian-clang, r-devel-linux-x86_64-debian-gcc, r-devel-linux-x86_64-fedora-clang, r-devel-linux-x86_64-fedora-gcc, r-devel-windows-x86_64, r-patched-linux-x86_64, r-release-linux-x86_64, r-release-macos-arm64, r-release-macos-x86_64, r-release-windows-x86_64, r-oldrel-macos-arm64, r-oldrel-macos-x86_64, r-oldrel-windows-ix86+x86_64