CRAN Package Check Results for Package fredr

Last updated on 2022-11-29 09:52:14 CET.

Flavor Version Tinstall Tcheck Ttotal Status Flags
r-devel-linux-x86_64-debian-clang 2.1.0 3.90 57.79 61.69 OK
r-devel-linux-x86_64-debian-gcc 2.1.0 3.44 44.58 48.02 OK
r-devel-linux-x86_64-fedora-clang 2.1.0 87.07 NOTE
r-devel-linux-x86_64-fedora-gcc 2.1.0 83.61 NOTE
r-devel-windows-x86_64 2.1.0 41.00 107.00 148.00 OK
r-patched-linux-x86_64 2.1.0 4.27 51.62 55.89 OK
r-release-linux-x86_64 2.1.0 3.91 48.65 52.56 OK
r-release-macos-arm64 2.1.0 34.00 NOTE
r-release-macos-x86_64 2.1.0 44.00 NOTE
r-release-windows-x86_64 2.1.0 36.00 98.00 134.00 OK
r-oldrel-macos-arm64 2.1.0 33.00 NOTE
r-oldrel-macos-x86_64 2.1.0 44.00 NOTE
r-oldrel-windows-ix86+x86_64 2.1.0 10.00 80.00 90.00 OK

Check Details

Version: 2.1.0
Check: data for non-ASCII characters
Result: NOTE
     Note: found 1 marked UTF-8 string
Flavors: r-devel-linux-x86_64-fedora-clang, r-devel-linux-x86_64-fedora-gcc, r-release-macos-arm64, r-release-macos-x86_64, r-oldrel-macos-arm64, r-oldrel-macos-x86_64