CRAN Package Check Results for Package fpc

Last updated on 2021-12-03 10:50:50 CET.

Flavor Version Tinstall Tcheck Ttotal Status Flags
r-devel-linux-x86_64-debian-clang 2.2-9 16.85 139.17 156.02 OK
r-devel-linux-x86_64-debian-gcc 2.2-9 12.78 101.12 113.90 ERROR
r-devel-linux-x86_64-fedora-clang 2.2-9 210.52 OK
r-devel-linux-x86_64-fedora-gcc 2.2-9 182.14 ERROR
r-devel-windows-x86_64-new-UL 2.2-9 33.00 199.00 232.00 OK
r-devel-windows-x86_64-new-TK 2.2-9 OK
r-devel-windows-x86_64-old 2.2-9 27.00 130.00 157.00 OK
r-patched-linux-x86_64 2.2-9 19.51 134.00 153.51 OK
r-patched-solaris-x86 2.2-9 236.50 OK
r-release-linux-x86_64 2.2-9 17.38 133.27 150.65 OK
r-release-macos-arm64 2.2-9 OK
r-release-macos-x86_64 2.2-9 OK
r-release-windows-ix86+x86_64 2.2-9 31.00 172.00 203.00 OK
r-oldrel-macos-x86_64 2.2-9 OK
r-oldrel-windows-ix86+x86_64 2.2-9 30.00 176.00 206.00 OK

Check Details

Version: 2.2-9
Check: examples
Result: ERROR
    Running examples in ‘fpc-Ex.R’ failed
    The error most likely occurred in:
    
    > base::assign(".ptime", proc.time(), pos = "CheckExEnv")
    > ### Name: mixdens
    > ### Title: Density of multivariate Gaussian mixture, mclust
    > ### parameterisation
    > ### Aliases: mixdens
    > ### Keywords: cluster multivariate
    >
    > ### ** Examples
    >
    > set.seed(98765)
    > require(mclust)
    Loading required package: mclust
    Package 'mclust' version 5.4.8
    Type 'citation("mclust")' for citing this R package in publications.
    > iriss <- iris[sample(150,20),-5]
    > irisBIC <- mclustBIC(iriss)
    > siris <- summary(irisBIC,iriss)
    > round(mixdens(siris$modelName,iriss,siris$parameters),digits=2)
    Error in t(x) - mean : non-numeric argument to binary operator
    Calls: mixdens -> <Anonymous> -> backsolve
    Execution halted
Flavor: r-devel-linux-x86_64-debian-gcc

Version: 2.2-9
Check: examples
Result: ERROR
    Running examples in ‘fpc-Ex.R’ failed
    The error most likely occurred in:
    
    > ### Name: mixdens
    > ### Title: Density of multivariate Gaussian mixture, mclust
    > ### parameterisation
    > ### Aliases: mixdens
    > ### Keywords: cluster multivariate
    >
    > ### ** Examples
    >
    > set.seed(98765)
    > require(mclust)
    Loading required package: mclust
    Package 'mclust' version 5.4.8
    Type 'citation("mclust")' for citing this R package in publications.
    > iriss <- iris[sample(150,20),-5]
    > irisBIC <- mclustBIC(iriss)
    > siris <- summary(irisBIC,iriss)
    > round(mixdens(siris$modelName,iriss,siris$parameters),digits=2)
    Error in t(x) - mean : non-numeric argument to binary operator
    Calls: mixdens -> <Anonymous> -> backsolve
    Execution halted
Flavor: r-devel-linux-x86_64-fedora-gcc