CRAN Package Check Results for Package fossilbrush

Last updated on 2022-12-08 10:53:20 CET.

Flavor Version Tinstall Tcheck Ttotal Status Flags
r-devel-linux-x86_64-debian-clang 1.0.3 19.01 525.89 544.90 OK
r-devel-linux-x86_64-debian-gcc 1.0.3 15.67 412.13 427.80 OK
r-devel-linux-x86_64-fedora-clang 1.0.3 618.47 NOTE
r-devel-linux-x86_64-fedora-gcc 1.0.3 622.80 NOTE
r-devel-windows-x86_64 1.0.3 54.00 566.00 620.00 OK
r-patched-linux-x86_64 1.0.3 19.34 472.62 491.96 OK
r-release-linux-x86_64 1.0.3 21.34 476.55 497.89 OK
r-release-macos-arm64 1.0.3 164.00 NOTE
r-release-macos-x86_64 1.0.3 235.00 NOTE
r-release-windows-x86_64 1.0.3 50.00 581.00 631.00 OK
r-oldrel-macos-arm64 1.0.3 151.00 NOTE
r-oldrel-macos-x86_64 1.0.3 220.00 NOTE
r-oldrel-windows-ix86+x86_64 1.0.3 35.00 594.00 629.00 OK

Check Details

Version: 1.0.3
Check: data for non-ASCII characters
Result: NOTE
     Note: found 31 marked UTF-8 strings
Flavors: r-devel-linux-x86_64-fedora-clang, r-devel-linux-x86_64-fedora-gcc, r-release-macos-arm64, r-release-macos-x86_64, r-oldrel-macos-arm64, r-oldrel-macos-x86_64