Last updated on 2023-03-21 10:52:13 CET.
Flavor | Version | Tinstall | Tcheck | Ttotal | Status | Flags |
---|---|---|---|---|---|---|
r-devel-linux-x86_64-debian-clang | 1.1.6 | 12.71 | 113.53 | 126.24 | OK | |
r-devel-linux-x86_64-debian-gcc | 1.1.6 | 12.75 | 80.94 | 93.69 | OK | |
r-devel-linux-x86_64-fedora-clang | 1.1.6 | 159.56 | OK | |||
r-devel-linux-x86_64-fedora-gcc | 1.1.6 | 145.84 | OK | |||
r-devel-windows-x86_64 | 1.1.6 | 74.00 | 143.00 | 217.00 | OK | |
r-patched-linux-x86_64 | 1.1.6 | 13.91 | 107.51 | 121.42 | OK | |
r-release-linux-x86_64 | 1.1.6 | 13.11 | 107.59 | 120.70 | OK | |
r-release-macos-arm64 | 1.1.6 | 49.00 | OK | |||
r-release-macos-x86_64 | 1.1.6 | 81.00 | OK | |||
r-release-windows-x86_64 | 1.1.6 | 82.00 | 136.00 | 218.00 | OK | |
r-oldrel-macos-arm64 | 1.1.6 | 54.00 | OK | |||
r-oldrel-macos-x86_64 | 1.1.6 | 67.00 | OK | |||
r-oldrel-windows-ix86+x86_64 | 1.1.6 | 33.00 | 133.00 | 166.00 | NOTE |
Version: 1.1.6
Check: R code for possible problems
Result: NOTE
Initiating curl with CURL_SSL_BACKEND: openssl
Flavor: r-oldrel-windows-ix86+x86_64