CRAN Package Check Results for Package forcats

Last updated on 2022-09-26 09:49:58 CEST.

Flavor Version Tinstall Tcheck Ttotal Status Flags
r-devel-linux-x86_64-debian-clang 0.5.2 4.71 56.05 60.76 OK
r-devel-linux-x86_64-debian-gcc 0.5.2 3.48 41.96 45.44 OK
r-devel-linux-x86_64-fedora-clang 0.5.2 82.63 NOTE
r-devel-linux-x86_64-fedora-gcc 0.5.2 89.54 NOTE
r-devel-windows-x86_64 0.5.2 25.00 93.00 118.00 OK
r-patched-linux-x86_64 0.5.2 4.44 52.74 57.18 OK
r-release-linux-x86_64 0.5.2 4.74 51.75 56.49 OK
r-release-macos-arm64 0.5.2 28.00 NOTE
r-release-macos-x86_64 0.5.2 39.00 NOTE
r-release-windows-x86_64 0.5.2 33.00 83.00 116.00 OK
r-oldrel-macos-arm64 0.5.2 29.00 NOTE
r-oldrel-macos-x86_64 0.5.2 40.00 NOTE
r-oldrel-windows-ix86+x86_64 0.5.2 9.00 79.00 88.00 OK

Check Details

Version: 0.5.2
Check: dependencies in R code
Result: NOTE
    Namespace in Imports field not imported from: ‘withr’
     All declared Imports should be used.
Flavors: r-devel-linux-x86_64-fedora-clang, r-devel-linux-x86_64-fedora-gcc, r-release-macos-arm64, r-release-macos-x86_64, r-oldrel-macos-arm64, r-oldrel-macos-x86_64