CRAN Package Check Results for Package fmbasics

Last updated on 2022-11-26 10:00:41 CET.

Flavor Version Tinstall Tcheck Ttotal Status Flags
r-devel-linux-x86_64-debian-clang 0.3.0 6.76 74.03 80.79 NOTE
r-devel-linux-x86_64-debian-gcc 0.3.0 6.43 55.55 61.98 NOTE
r-devel-linux-x86_64-fedora-clang 0.3.0 110.09 NOTE
r-devel-windows-x86_64 0.3.0 47.00 112.00 159.00 NOTE
r-patched-linux-x86_64 0.3.0 NOTE
r-release-linux-x86_64 0.3.0 6.13 67.10 73.23 NOTE
r-release-macos-arm64 0.3.0 27.00 NOTE
r-release-macos-x86_64 0.3.0 43.00 NOTE
r-release-windows-x86_64 0.3.0 42.00 109.00 151.00 NOTE
r-oldrel-macos-arm64 0.3.0 35.00 NOTE
r-oldrel-macos-x86_64 0.3.0 51.00 NOTE
r-oldrel-windows-ix86+x86_64 0.3.0 16.00 98.00 114.00 NOTE

Check Details

Version: 0.3.0
Check: LazyData
Result: NOTE
     'LazyData' is specified without a 'data' directory
Flavors: r-devel-linux-x86_64-debian-clang, r-devel-linux-x86_64-debian-gcc, r-devel-linux-x86_64-fedora-clang, r-devel-windows-x86_64, r-patched-linux-x86_64, r-release-linux-x86_64, r-release-macos-arm64, r-release-macos-x86_64, r-release-windows-x86_64, r-oldrel-macos-arm64, r-oldrel-macos-x86_64, r-oldrel-windows-ix86+x86_64