CRAN Package Check Results for Package fivethirtyeight

Last updated on 2022-11-29 09:52:14 CET.

Flavor Version Tinstall Tcheck Ttotal Status Flags
r-devel-linux-x86_64-debian-clang 0.6.2 7.95 75.15 83.10 NOTE
r-devel-linux-x86_64-debian-gcc 0.6.2 6.55 58.52 65.07 NOTE
r-devel-linux-x86_64-fedora-clang 0.6.2 113.22 NOTE
r-devel-linux-x86_64-fedora-gcc 0.6.2 118.33 NOTE
r-devel-windows-x86_64 0.6.2 277.00 141.00 418.00 NOTE
r-patched-linux-x86_64 0.6.2 10.93 62.77 73.70 NOTE
r-release-linux-x86_64 0.6.2 8.26 61.75 70.01 NOTE
r-release-macos-arm64 0.6.2 35.00 NOTE
r-release-macos-x86_64 0.6.2 51.00 NOTE
r-release-windows-x86_64 0.6.2 171.00 125.00 296.00 NOTE
r-oldrel-macos-arm64 0.6.2 56.00 NOTE
r-oldrel-macos-x86_64 0.6.2 53.00 NOTE
r-oldrel-windows-ix86+x86_64 0.6.2 17.00 107.00 124.00 NOTE

Check Details

Version: 0.6.2
Check: package dependencies
Result: NOTE
    Package suggested but not available for checking: 'fivethirtyeightdata'
Flavors: r-devel-linux-x86_64-debian-clang, r-devel-linux-x86_64-debian-gcc, r-devel-linux-x86_64-fedora-clang, r-devel-linux-x86_64-fedora-gcc, r-devel-windows-x86_64, r-patched-linux-x86_64, r-release-linux-x86_64, r-release-macos-arm64, r-release-macos-x86_64, r-release-windows-x86_64, r-oldrel-macos-arm64, r-oldrel-macos-x86_64, r-oldrel-windows-ix86+x86_64

Version: 0.6.2
Check: Rd cross-references
Result: NOTE
    Package unavailable to check Rd xrefs: 'fivethirtyeightdata'
Flavors: r-devel-linux-x86_64-debian-clang, r-devel-linux-x86_64-debian-gcc, r-devel-linux-x86_64-fedora-clang, r-devel-linux-x86_64-fedora-gcc, r-devel-windows-x86_64, r-patched-linux-x86_64, r-release-linux-x86_64, r-release-macos-arm64, r-release-macos-x86_64, r-release-windows-x86_64, r-oldrel-macos-arm64, r-oldrel-macos-x86_64, r-oldrel-windows-ix86+x86_64

Version: 0.6.2
Check: installed package size
Result: NOTE
     installed size is 5.0Mb
     sub-directories of 1Mb or more:
     data 3.8Mb
Flavors: r-devel-linux-x86_64-fedora-clang, r-devel-windows-x86_64, r-release-windows-x86_64

Version: 0.6.2
Check: data for non-ASCII characters
Result: NOTE
     Note: found 584 marked UTF-8 strings
Flavors: r-devel-linux-x86_64-fedora-clang, r-devel-linux-x86_64-fedora-gcc, r-release-macos-arm64, r-release-macos-x86_64, r-oldrel-macos-arm64, r-oldrel-macos-x86_64