CRAN Package Check Results for Package fitplc

Last updated on 2022-01-18 10:17:15 CET.

Flavor Version Tinstall Tcheck Ttotal Status Flags
r-devel-linux-x86_64-debian-clang 1.2-3 3.39 59.61 63.00 OK
r-devel-linux-x86_64-debian-gcc 1.2-3 2.08 45.62 47.70 OK
r-devel-linux-x86_64-fedora-clang 1.2-3 76.57 OK
r-devel-linux-x86_64-fedora-gcc 1.2-3 66.13 OK
r-devel-windows-x86_64-new-UL 1.2-3 26.00 78.00 104.00 OK
r-devel-windows-x86_64-new-TK 1.2-3 ERROR
r-patched-linux-x86_64 1.2-3 10.73 57.91 68.64 OK
r-release-linux-x86_64 1.2-3 OK
r-release-macos-arm64 1.2-3 OK
r-release-macos-x86_64 1.2-3 OK
r-release-windows-ix86+x86_64 1.2-3 10.00 70.00 80.00 OK
r-oldrel-macos-x86_64 1.2-3 OK
r-oldrel-windows-ix86+x86_64 1.2-3 9.00 71.00 80.00 OK

Check Details

Version: 1.2-3
Check: package dependencies
Result: ERROR
    Package required but not available: 'car'
    
    See section 'The DESCRIPTION file' in the 'Writing R Extensions'
    manual.
Flavor: r-devel-windows-x86_64-new-TK