Last updated on 2025-01-22 13:00:09 CET.
Flavor | Version | Tinstall | Tcheck | Ttotal | Status | Flags |
---|---|---|---|---|---|---|
r-devel-linux-x86_64-debian-clang | 1.2.0 | 14.87 | 156.33 | 171.20 | NOTE | |
r-devel-linux-x86_64-debian-gcc | 1.2.0 | 11.57 | 113.35 | 124.92 | NOTE | |
r-devel-linux-x86_64-fedora-clang | 1.2.0 | 273.58 | OK | |||
r-devel-linux-x86_64-fedora-gcc | 1.2.0 | 250.39 | OK | |||
r-devel-windows-x86_64 | 1.2.0 | 16.00 | 155.00 | 171.00 | NOTE | |
r-patched-linux-x86_64 | 1.2.0 | 22.75 | 144.78 | 167.53 | OK | |
r-release-linux-x86_64 | 1.2.0 | 15.20 | 146.56 | 161.76 | OK | |
r-release-macos-arm64 | 1.2.0 | 72.00 | OK | |||
r-release-macos-x86_64 | 1.2.0 | 100.00 | OK | |||
r-release-windows-x86_64 | 1.2.0 | 14.00 | 149.00 | 163.00 | OK | |
r-oldrel-macos-arm64 | 1.2.0 | 77.00 | OK | |||
r-oldrel-macos-x86_64 | 1.2.0 | 202.00 | OK | |||
r-oldrel-windows-x86_64 | 1.2.0 | 20.00 | 188.00 | 208.00 | OK |
Version: 1.2.0
Check: Rd cross-references
Result: NOTE
Found the following Rd file(s) with Rd \link{} targets missing package
anchors:
collect_predictions.Rd: collect_metrics, tune
show_best.Rd: show_best
tune_sim_anneal.Rd: tune_grid, tune_bayes
Please provide package anchors for all Rd \link{} targets not in the
package itself and the base packages.
Flavors: r-devel-linux-x86_64-debian-clang, r-devel-linux-x86_64-debian-gcc, r-devel-windows-x86_64