CRAN Package Check Results for Package fgm

Last updated on 2022-07-05 10:48:53 CEST.

Flavor Version Tinstall Tcheck Ttotal Status Flags
r-devel-linux-x86_64-debian-clang 1.0 12.33 109.95 122.28 NOTE
r-devel-linux-x86_64-debian-gcc 1.0 10.24 82.59 92.83 NOTE
r-devel-linux-x86_64-fedora-clang 1.0 159.82 NOTE
r-devel-linux-x86_64-fedora-gcc 1.0 159.72 NOTE
r-devel-windows-x86_64 1.0 15.00 132.00 147.00 NOTE
r-patched-linux-x86_64 1.0 10.84 102.90 113.74 NOTE
r-release-linux-x86_64 1.0 7.93 103.64 111.57 NOTE
r-release-macos-arm64 1.0 43.00 NOTE
r-release-macos-x86_64 1.0 73.00 NOTE
r-release-windows-x86_64 1.0 16.00 134.00 150.00 NOTE
r-oldrel-macos-arm64 1.0 48.00 NOTE
r-oldrel-macos-x86_64 1.0 72.00 NOTE
r-oldrel-windows-ix86+x86_64 1.0 38.00 120.00 158.00 NOTE

Check Details

Version: 1.0
Check: LazyData
Result: NOTE
     'LazyData' is specified without a 'data' directory
Flavors: r-devel-linux-x86_64-debian-clang, r-devel-linux-x86_64-debian-gcc, r-devel-linux-x86_64-fedora-clang, r-devel-linux-x86_64-fedora-gcc, r-devel-windows-x86_64, r-patched-linux-x86_64, r-release-linux-x86_64, r-release-macos-arm64, r-release-macos-x86_64, r-release-windows-x86_64, r-oldrel-macos-arm64, r-oldrel-macos-x86_64, r-oldrel-windows-ix86+x86_64