CRAN Package Check Results for Package fgeo.tool

Last updated on 2022-11-30 10:51:38 CET.

Flavor Version Tinstall Tcheck Ttotal Status Flags
r-devel-linux-x86_64-debian-clang 1.2.8 6.07 74.37 80.44 OK
r-devel-linux-x86_64-debian-gcc 1.2.8 5.15 55.02 60.17 OK
r-devel-linux-x86_64-fedora-clang 1.2.8 109.20 OK
r-devel-linux-x86_64-fedora-gcc 1.2.8 108.43 OK
r-devel-windows-x86_64 1.2.8 69.00 110.00 179.00 OK
r-patched-linux-x86_64 1.2.8 11.75 68.28 80.03 OK
r-release-linux-x86_64 1.2.8 5.80 68.65 74.45 OK
r-release-macos-arm64 1.2.8 29.00 OK
r-release-macos-x86_64 1.2.8 42.00 OK
r-release-windows-x86_64 1.2.8 61.00 114.00 175.00 OK
r-oldrel-macos-arm64 1.2.8 33.00 OK
r-oldrel-macos-x86_64 1.2.8 45.00 OK
r-oldrel-windows-ix86+x86_64 1.2.8 16.00 107.00 123.00 WARN

Check Details

Version: 1.2.8
Check: for unstated dependencies in ‘tests’
Result: WARN
    Warning: unable to access index for repository https://bioconductor.org/packages/3.14/bioc/src/contrib:
     cannot open URL 'https://bioconductor.org/packages/3.14/bioc/src/contrib/PACKAGES'
    Warning: unable to access index for repository https://bioconductor.org/packages/3.14/data/annotation/src/contrib:
     cannot open URL 'https://bioconductor.org/packages/3.14/data/annotation/src/contrib/PACKAGES'
    Warning: unable to access index for repository https://bioconductor.org/packages/3.14/data/experiment/src/contrib:
     cannot open URL 'https://bioconductor.org/packages/3.14/data/experiment/src/contrib/PACKAGES'
Flavor: r-oldrel-windows-ix86+x86_64