CRAN Package Check Results for Package fgac

Last updated on 2021-11-27 10:52:05 CET.

Flavor Version Tinstall Tcheck Ttotal Status Flags
r-devel-linux-x86_64-debian-clang 0.6-1 NOTE
r-devel-linux-x86_64-debian-gcc 0.6-1 2.87 22.87 25.74 NOTE
r-devel-linux-x86_64-fedora-clang 0.6-1 50.50 NOTE
r-devel-linux-x86_64-fedora-gcc 0.6-1 40.31 NOTE
r-devel-windows-x86_64-new-UL 0.6-1 10.00 66.00 76.00 NOTE
r-devel-windows-x86_64-new-TK 0.6-1 NOTE
r-devel-windows-x86_64-old 0.6-1 6.00 44.00 50.00 NOTE
r-patched-linux-x86_64 0.6-1 4.28 27.98 32.26 NOTE
r-patched-solaris-x86 0.6-1 54.60 NOTE
r-release-linux-x86_64 0.6-1 NOTE
r-release-macos-arm64 0.6-1 NOTE
r-release-macos-x86_64 0.6-1 NOTE
r-release-windows-ix86+x86_64 0.6-1 7.00 33.00 40.00 NOTE
r-oldrel-macos-x86_64 0.6-1 NOTE
r-oldrel-windows-ix86+x86_64 0.6-1 5.00 33.00 38.00 NOTE

Check Details

Version: 0.6-1
Check: R code for possible problems
Result: NOTE
    ftest: no visible global function definition for 'wilcox.test'
    ftest: no visible global function definition for 't.test'
    Undefined global functions or variables:
     t.test wilcox.test
    Consider adding
     importFrom("stats", "t.test", "wilcox.test")
    to your NAMESPACE file.
Flavors: r-devel-linux-x86_64-debian-clang, r-devel-linux-x86_64-debian-gcc, r-devel-linux-x86_64-fedora-clang, r-devel-linux-x86_64-fedora-gcc, r-devel-windows-x86_64-new-UL, r-devel-windows-x86_64-new-TK, r-devel-windows-x86_64-old, r-patched-linux-x86_64, r-patched-solaris-x86, r-release-linux-x86_64, r-release-macos-arm64, r-release-macos-x86_64, r-release-windows-ix86+x86_64, r-oldrel-macos-x86_64, r-oldrel-windows-ix86+x86_64