CRAN Package Check Results for Package featuretoolsR

Last updated on 2022-12-09 10:00:21 CET.

Flavor Version Tinstall Tcheck Ttotal Status Flags
r-devel-linux-x86_64-debian-clang 0.4.4 21.22 158.16 179.38 NOTE
r-devel-linux-x86_64-debian-gcc 0.4.4 12.50 118.88 131.38 NOTE
r-devel-linux-x86_64-fedora-clang 0.4.4 237.46 NOTE
r-devel-linux-x86_64-fedora-gcc 0.4.4 226.36 NOTE
r-devel-windows-x86_64 0.4.4 349.00 205.00 554.00 NOTE
r-patched-linux-x86_64 0.4.4 15.53 150.90 166.43 NOTE
r-release-linux-x86_64 0.4.4 11.62 152.69 164.31 NOTE
r-release-macos-arm64 0.4.4 58.00 NOTE
r-release-macos-x86_64 0.4.4 103.00 NOTE
r-release-windows-x86_64 0.4.4 242.00 216.00 458.00 NOTE
r-oldrel-macos-arm64 0.4.4 67.00 NOTE
r-oldrel-macos-x86_64 0.4.4 97.00 NOTE
r-oldrel-windows-ix86+x86_64 0.4.4 50.00 207.00 257.00 NOTE

Additional issues

donttest

Check Details

Version: 0.4.4
Check: LazyData
Result: NOTE
     'LazyData' is specified without a 'data' directory
Flavors: r-devel-linux-x86_64-debian-clang, r-devel-linux-x86_64-debian-gcc, r-devel-linux-x86_64-fedora-clang, r-devel-linux-x86_64-fedora-gcc, r-devel-windows-x86_64, r-patched-linux-x86_64, r-release-linux-x86_64, r-release-macos-arm64, r-release-macos-x86_64, r-release-windows-x86_64, r-oldrel-macos-arm64, r-oldrel-macos-x86_64, r-oldrel-windows-ix86+x86_64

Version: 0.4.4
Check: dependencies in R code
Result: NOTE
    Namespaces in Imports field not imported from:
     ‘magrittr’ ‘testthat’
     All declared Imports should be used.
Flavors: r-devel-linux-x86_64-fedora-clang, r-devel-linux-x86_64-fedora-gcc, r-release-macos-arm64, r-release-macos-x86_64, r-oldrel-macos-arm64, r-oldrel-macos-x86_64