Last updated on 2022-07-01 09:52:23 CEST.
Flavor | Version | Tinstall | Tcheck | Ttotal | Status | Flags |
---|---|---|---|---|---|---|
r-devel-linux-x86_64-debian-clang | 0.1.2 | 25.66 | 55.18 | 80.84 | OK | |
r-devel-linux-x86_64-debian-gcc | 0.1.2 | 21.67 | 42.17 | 63.84 | OK | |
r-devel-linux-x86_64-fedora-clang | 0.1.2 | 120.83 | OK | |||
r-devel-linux-x86_64-fedora-gcc | 0.1.2 | 109.89 | OK | |||
r-devel-windows-x86_64 | 0.1.2 | 40.00 | 106.00 | 146.00 | OK | |
r-patched-linux-x86_64 | 0.1.2 | 22.06 | 52.81 | 74.87 | OK | |
r-release-linux-x86_64 | 0.1.2 | 15.45 | 53.97 | 69.42 | OK | |
r-release-macos-arm64 | 0.1.2 | 34.00 | OK | |||
r-release-macos-x86_64 | 0.1.2 | 58.00 | OK | |||
r-release-windows-x86_64 | 0.1.2 | 34.00 | 114.00 | 148.00 | OK | |
r-oldrel-macos-arm64 | 0.1.2 | 43.00 | OK | |||
r-oldrel-macos-x86_64 | 0.1.2 | 60.00 | OK | |||
r-oldrel-windows-ix86+x86_64 | 0.1.2 | 66.00 | 117.00 | 183.00 | NOTE |
Version: 0.1.2
Check: installed package size
Result: NOTE
installed size is 5.4Mb
sub-directories of 1Mb or more:
data 3.3Mb
libs 2.0Mb
Flavor: r-oldrel-windows-ix86+x86_64