CRAN Package Check Results for Package fastcmh

Last updated on 2022-06-25 09:53:43 CEST.

Flavor Version Tinstall Tcheck Ttotal Status Flags
r-devel-linux-x86_64-debian-clang 0.2.7 35.23 34.49 69.72 OK
r-devel-linux-x86_64-debian-gcc 0.2.7 32.45 26.38 58.83 OK
r-devel-linux-x86_64-fedora-clang 0.2.7 115.73 NOTE
r-devel-linux-x86_64-fedora-gcc 0.2.7 106.74 NOTE
r-devel-windows-x86_64 0.2.7 38.00 76.00 114.00 OK
r-patched-linux-x86_64 0.2.7 36.27 33.44 69.71 OK
r-release-linux-x86_64 0.2.7 36.33 32.87 69.20 OK
r-release-macos-arm64 0.2.7 33.00 OK
r-release-macos-x86_64 0.2.7 41.00 OK
r-release-windows-x86_64 0.2.7 44.00 79.00 123.00 OK
r-oldrel-macos-arm64 0.2.7 37.00 OK
r-oldrel-macos-x86_64 0.2.7 57.00 OK
r-oldrel-windows-ix86+x86_64 0.2.7 103.00 82.00 185.00 OK

Check Details

Version: 0.2.7
Check: compiled code
Result: NOTE
    File ‘fastcmh/libs/fastcmh.so’:
     Found no calls to: ‘R_registerRoutines’, ‘R_useDynamicSymbols’
    
    It is good practice to register native routines and to disable symbol
    search.
    
    See ‘Writing portable packages’ in the ‘Writing R Extensions’ manual.
Flavors: r-devel-linux-x86_64-fedora-clang, r-devel-linux-x86_64-fedora-gcc