CRAN Package Check Results for Package fastHICA

Last updated on 2022-01-21 10:53:56 CET.

Flavor Version Tinstall Tcheck Ttotal Status Flags
r-devel-linux-x86_64-debian-clang 1.0.2 2.44 38.18 40.62 NOTE
r-devel-linux-x86_64-debian-gcc 1.0.2 2.46 30.12 32.58 NOTE
r-devel-linux-x86_64-fedora-clang 1.0.2 51.69 NOTE
r-devel-linux-x86_64-fedora-gcc 1.0.2 40.67 NOTE
r-devel-windows-x86_64-new-UL 1.0.2 22.00 64.00 86.00 NOTE
r-devel-windows-x86_64-new-TK 1.0.2 NOTE
r-patched-linux-x86_64 1.0.2 3.07 37.41 40.48 NOTE
r-release-linux-x86_64 1.0.2 2.93 37.47 40.40 NOTE
r-release-macos-arm64 1.0.2 NOTE
r-release-macos-x86_64 1.0.2 NOTE
r-release-windows-ix86+x86_64 1.0.2 7.00 50.00 57.00 NOTE
r-oldrel-macos-x86_64 1.0.2 NOTE
r-oldrel-windows-ix86+x86_64 1.0.2 7.00 50.00 57.00 NOTE

Check Details

Version: 1.0.2
Check: R code for possible problems
Result: NOTE
    basis_hica: no visible global function definition for 'princomp'
    energy_hica: no visible global function definition for 'dev.new'
    energy_hica: no visible global function definition for 'points'
    energy_hica: no visible global function definition for 'legend'
    Undefined global functions or variables:
     dev.new legend points princomp
    Consider adding
     importFrom("grDevices", "dev.new")
     importFrom("graphics", "legend", "points")
     importFrom("stats", "princomp")
    to your NAMESPACE file.
Flavors: r-devel-linux-x86_64-debian-clang, r-devel-linux-x86_64-debian-gcc, r-devel-linux-x86_64-fedora-clang, r-devel-linux-x86_64-fedora-gcc, r-devel-windows-x86_64-new-UL, r-devel-windows-x86_64-new-TK, r-patched-linux-x86_64, r-release-linux-x86_64, r-release-macos-arm64, r-release-macos-x86_64, r-release-windows-ix86+x86_64, r-oldrel-macos-x86_64, r-oldrel-windows-ix86+x86_64