CRAN Package Check Results for Package fame

Last updated on 2022-11-29 09:52:14 CET.

Flavor Version Tinstall Tcheck Ttotal Status Flags
r-devel-linux-x86_64-debian-clang 2.21.1 5.01 30.77 35.78 WARN
r-devel-linux-x86_64-debian-gcc 2.21.1 3.46 23.65 27.11 WARN
r-devel-linux-x86_64-fedora-clang 2.21.1 54.92 WARN
r-devel-linux-x86_64-fedora-gcc 2.21.1 55.01 WARN
r-devel-windows-x86_64 2.21.1 22.00 66.00 88.00 NOTE
r-patched-linux-x86_64 2.21.1 4.24 29.25 33.49 NOTE
r-release-linux-x86_64 2.21.1 4.29 29.07 33.36 NOTE
r-release-macos-arm64 2.21.1 17.00 NOTE
r-release-macos-x86_64 2.21.1 25.00 NOTE
r-release-windows-x86_64 2.21.1 16.00 60.00 76.00 NOTE
r-oldrel-macos-arm64 2.21.1 20.00 NOTE
r-oldrel-macos-x86_64 2.21.1 28.00 NOTE
r-oldrel-windows-ix86+x86_64 2.21.1 12.00 60.00 72.00 NOTE

Check Details

Version: 2.21.1
Check: whether package can be installed
Result: WARN
    Found the following significant warnings:
     chli.c:5:48: warning: a function declaration without a prototype is deprecated in all versions of C [-Wstrict-prototypes]
Flavors: r-devel-linux-x86_64-debian-clang, r-devel-linux-x86_64-fedora-clang

Version: 2.21.1
Check: R code for possible problems
Result: NOTE
    File 'fame/R/windows/zzz.R':
     .onLoad calls:
     packageStartupMessage("FAME environment variable not set; assuming ", defaultDir)
     packageStartupMessage("FAME directory ", fameDir, " not found.\n", "If you have FAME installed, specify it's location ", "via the FAME environment variable.\n", "Otherwise, this package is pretty useless.\n")
    
    See section 'Good practice' in '?.onAttach'.
Flavors: r-devel-linux-x86_64-debian-clang, r-devel-linux-x86_64-debian-gcc, r-devel-linux-x86_64-fedora-clang, r-devel-linux-x86_64-fedora-gcc, r-devel-windows-x86_64, r-patched-linux-x86_64, r-release-linux-x86_64, r-release-macos-arm64, r-release-macos-x86_64, r-release-windows-x86_64, r-oldrel-macos-arm64, r-oldrel-macos-x86_64, r-oldrel-windows-ix86+x86_64

Version: 2.21.1
Check: whether package can be installed
Result: WARN
    Found the following significant warnings:
     chli.c:5:6: warning: function declaration isn’t a prototype [-Wstrict-prototypes]
Flavors: r-devel-linux-x86_64-debian-gcc, r-devel-linux-x86_64-fedora-gcc

Version: 2.21.1
Check: compiled code
Result: NOTE
    File ‘fame/libs/fame.so’:
     Found no calls to: ‘R_registerRoutines’, ‘R_useDynamicSymbols’
    
    It is good practice to register native routines and to disable symbol
    search.
    
    See ‘Writing portable packages’ in the ‘Writing R Extensions’ manual.
Flavors: r-devel-linux-x86_64-fedora-clang, r-devel-linux-x86_64-fedora-gcc