CRAN Package Check Results for Package fairadapt

Last updated on 2022-11-28 09:50:44 CET.

Flavor Version Tinstall Tcheck Ttotal Status Flags
r-devel-linux-x86_64-debian-clang 0.2.4 11.26 196.04 207.30 OK
r-devel-linux-x86_64-debian-gcc 0.2.4 7.97 145.89 153.86 OK
r-devel-linux-x86_64-fedora-clang 0.2.4 260.89 OK
r-devel-linux-x86_64-fedora-gcc 0.2.4 269.01 OK
r-devel-windows-x86_64 0.2.4 46.00 285.00 331.00 OK
r-patched-linux-x86_64 0.2.4 9.49 181.18 190.67 OK
r-release-linux-x86_64 0.2.4 8.19 183.91 192.10 OK
r-release-macos-arm64 0.2.4 87.00 WARN
r-release-macos-x86_64 0.2.4 115.00 WARN
r-release-windows-x86_64 0.2.4 52.00 279.00 331.00 OK
r-oldrel-macos-arm64 0.2.4 86.00 WARN
r-oldrel-macos-x86_64 0.2.4 115.00 WARN
r-oldrel-windows-ix86+x86_64 0.2.4 21.00 189.00 210.00 OK

Check Details

Version: 0.2.4
Check: re-building of vignette outputs
Result: WARN
    Error(s) in re-building vignettes:
     ...
    --- re-building ‘jss.Rmd’ using rmarkdown
    This is pdfTeX, Version 3.14159265-2.6-1.40.21 (TeX Live 2020) (preloaded format=pdflatex)
     restricted \write18 enabled.
    entering extended mode
    ! LaTeX Error: File `orcidlink.sty' not found.
    
    ! Emergency stop.
    <read *>
    
    Error: processing vignette 'jss.Rmd' failed with diagnostics:
    LaTeX failed to compile /Volumes/Builds/packages/big-sur-arm64/results/4.2/fairadapt.Rcheck/vign_test/fairadapt/vignettes/jss.tex. See https://yihui.org/tinytex/r/#debugging for debugging tips. See jss.log for more info.
    --- failed re-building ‘jss.Rmd’
    
    SUMMARY: processing the following file failed:
     ‘jss.Rmd’
    
    Error: Vignette re-building failed.
    Execution halted
Flavor: r-release-macos-arm64

Version: 0.2.4
Check: re-building of vignette outputs
Result: WARN
    Error(s) in re-building vignettes:
     ...
    --- re-building ‘jss.Rmd’ using rmarkdown
    This is pdfTeX, Version 3.14159265-2.6-1.40.21 (TeX Live 2020) (preloaded format=pdflatex)
     restricted \write18 enabled.
    entering extended mode
    ! LaTeX Error: File `orcidlink.sty' not found.
    
    ! Emergency stop.
    <read *>
    
    Error: processing vignette 'jss.Rmd' failed with diagnostics:
    LaTeX failed to compile /Volumes/Builds/packages/high-sierra-x86_64/results/4.2/fairadapt.Rcheck/vign_test/fairadapt/vignettes/jss.tex. See https://yihui.org/tinytex/r/#debugging for debugging tips. See jss.log for more info.
    --- failed re-building ‘jss.Rmd’
    
    SUMMARY: processing the following file failed:
     ‘jss.Rmd’
    
    Error: Vignette re-building failed.
    Execution halted
Flavor: r-release-macos-x86_64

Version: 0.2.4
Check: re-building of vignette outputs
Result: WARN
    Error(s) in re-building vignettes:
     ...
    --- re-building ‘jss.Rmd’ using rmarkdown
    This is pdfTeX, Version 3.14159265-2.6-1.40.21 (TeX Live 2020) (preloaded format=pdflatex)
     restricted \write18 enabled.
    entering extended mode
    ! LaTeX Error: File `orcidlink.sty' not found.
    
    ! Emergency stop.
    <read *>
    
    Error: processing vignette 'jss.Rmd' failed with diagnostics:
    LaTeX failed to compile /Volumes/Builds/packages/big-sur-arm64/results/4.1/fairadapt.Rcheck/vign_test/fairadapt/vignettes/jss.tex. See https://yihui.org/tinytex/r/#debugging for debugging tips. See jss.log for more info.
    --- failed re-building ‘jss.Rmd’
    
    SUMMARY: processing the following file failed:
     ‘jss.Rmd’
    
    Error: Vignette re-building failed.
    Execution halted
Flavor: r-oldrel-macos-arm64

Version: 0.2.4
Check: re-building of vignette outputs
Result: WARN
    Error(s) in re-building vignettes:
     ...
    --- re-building ‘jss.Rmd’ using rmarkdown
    This is pdfTeX, Version 3.14159265-2.6-1.40.21 (TeX Live 2020) (preloaded format=pdflatex)
     restricted \write18 enabled.
    entering extended mode
    ! LaTeX Error: File `orcidlink.sty' not found.
    
    ! Emergency stop.
    <read *>
    
    Error: processing vignette 'jss.Rmd' failed with diagnostics:
    LaTeX failed to compile /Volumes/Builds/packages/high-sierra-x86_64/results/4.1/fairadapt.Rcheck/vign_test/fairadapt/vignettes/jss.tex. See https://yihui.org/tinytex/r/#debugging for debugging tips. See jss.log for more info.
    --- failed re-building ‘jss.Rmd’
    
    SUMMARY: processing the following file failed:
     ‘jss.Rmd’
    
    Error: Vignette re-building failed.
    Execution halted
Flavor: r-oldrel-macos-x86_64