Last updated on 2023-03-20 09:49:26 CET.
Flavor | Version | Tinstall | Tcheck | Ttotal | Status | Flags |
---|---|---|---|---|---|---|
r-devel-linux-x86_64-debian-clang | 0.2.2 | OK | ||||
r-devel-linux-x86_64-debian-gcc | 0.2.2 | 2.43 | 23.61 | 26.04 | OK | |
r-devel-linux-x86_64-fedora-clang | 0.2.2 | 42.04 | OK | |||
r-devel-linux-x86_64-fedora-gcc | 0.2.2 | 39.56 | OK | |||
r-devel-windows-x86_64 | 0.2.2 | 20.00 | 63.00 | 83.00 | OK | |
r-patched-linux-x86_64 | 0.2.2 | 2.56 | 30.38 | 32.94 | OK | |
r-release-linux-x86_64 | 0.2.2 | 2.65 | 30.04 | 32.69 | OK | |
r-release-macos-arm64 | 0.2.2 | 23.00 | OK | |||
r-release-macos-x86_64 | 0.2.2 | 24.00 | OK | |||
r-release-windows-x86_64 | 0.2.2 | 14.00 | 67.00 | 81.00 | OK | |
r-oldrel-macos-arm64 | 0.2.2 | 27.00 | OK | |||
r-oldrel-macos-x86_64 | 0.2.2 | 28.00 | OK | |||
r-oldrel-windows-ix86+x86_64 | 0.2.2 | 8.00 | 55.00 | 63.00 | NOTE |
Version: 0.2.2
Check: R code for possible problems
Result: NOTE
Initiating curl with CURL_SSL_BACKEND: openssl
Flavor: r-oldrel-windows-ix86+x86_64