CRAN Package Check Results for Package exifr

Last updated on 2023-03-22 09:54:07 CET.

Flavor Version Tinstall Tcheck Ttotal Status Flags
r-devel-linux-x86_64-debian-clang 0.3.2 2.65 63.81 66.46 NOTE
r-devel-linux-x86_64-debian-gcc 0.3.2 2.17 47.53 49.70 NOTE
r-devel-linux-x86_64-fedora-clang 0.3.2 92.23 NOTE
r-devel-linux-x86_64-fedora-gcc 0.3.2 86.45 NOTE
r-devel-windows-x86_64 0.3.2 41.00 113.00 154.00 NOTE
r-patched-linux-x86_64 0.3.2 2.78 66.60 69.38 NOTE
r-release-linux-x86_64 0.3.2 2.76 65.47 68.23 NOTE
r-release-macos-arm64 0.3.2 32.00 NOTE
r-release-macos-x86_64 0.3.2 49.00 NOTE
r-release-windows-x86_64 0.3.2 46.00 129.00 175.00 NOTE
r-oldrel-macos-arm64 0.3.2 42.00 NOTE
r-oldrel-macos-x86_64 0.3.2 47.00 NOTE
r-oldrel-windows-ix86+x86_64 0.3.2 14.00 125.00 139.00 NOTE

Check Details

Version: 0.3.2
Check: LazyData
Result: NOTE
     'LazyData' is specified without a 'data' directory
Flavors: r-devel-linux-x86_64-debian-clang, r-devel-linux-x86_64-debian-gcc, r-devel-linux-x86_64-fedora-clang, r-devel-linux-x86_64-fedora-gcc, r-devel-windows-x86_64, r-patched-linux-x86_64, r-release-linux-x86_64, r-release-macos-arm64, r-release-macos-x86_64, r-release-windows-x86_64, r-oldrel-macos-arm64, r-oldrel-macos-x86_64, r-oldrel-windows-ix86+x86_64

Version: 0.3.2
Check: installed package size
Result: NOTE
     installed size is 14.2Mb
     sub-directories of 1Mb or more:
     exiftool 14.1Mb
Flavors: r-devel-windows-x86_64, r-release-macos-arm64, r-release-macos-x86_64, r-release-windows-x86_64, r-oldrel-macos-arm64, r-oldrel-macos-x86_64

Version: 0.3.2
Check: dependencies in R code
Result: NOTE
    Initiating curl with CURL_SSL_BACKEND: openssl
Flavor: r-oldrel-windows-ix86+x86_64