CRAN Package Check Results for Package excursions

Last updated on 2022-12-01 09:55:07 CET.

Flavor Version Tinstall Tcheck Ttotal Status Flags
r-devel-linux-x86_64-debian-clang 2.5.4 27.94 122.52 150.46 NOTE
r-devel-linux-x86_64-debian-gcc 2.5.4 18.77 93.23 112.00 NOTE
r-devel-linux-x86_64-fedora-clang 2.5.4 204.83 OK
r-devel-linux-x86_64-fedora-gcc 2.5.4 194.81 OK
r-devel-windows-x86_64 2.5.4 74.00 164.00 238.00 NOTE
r-patched-linux-x86_64 2.5.4 25.02 113.06 138.08 NOTE
r-release-linux-x86_64 2.5.4 22.75 118.00 140.75 NOTE
r-release-macos-arm64 2.5.4 52.00 NOTE
r-release-macos-x86_64 2.5.4 68.00 NOTE
r-release-windows-x86_64 2.5.4 70.00 162.00 232.00 NOTE
r-oldrel-macos-arm64 2.5.4 51.00 NOTE
r-oldrel-macos-x86_64 2.5.4 69.00 NOTE
r-oldrel-windows-ix86+x86_64 2.5.4 57.00 174.00 231.00 OK

Check Details

Version: 2.5.4
Check: package dependencies
Result: NOTE
    Package suggested but not available for checking: 'INLA'
Flavors: r-devel-linux-x86_64-debian-clang, r-devel-linux-x86_64-debian-gcc, r-devel-windows-x86_64, r-patched-linux-x86_64, r-release-linux-x86_64, r-release-macos-arm64, r-release-macos-x86_64, r-release-windows-x86_64, r-oldrel-macos-arm64, r-oldrel-macos-x86_64