CRAN Package Check Results for Package evobiR

Last updated on 2021-12-04 09:53:02 CET.

Flavor Version Tinstall Tcheck Ttotal Status Flags
r-devel-linux-x86_64-debian-clang 1.1 10.16 101.71 111.87 NOTE
r-devel-linux-x86_64-debian-gcc 1.1 7.73 79.80 87.53 NOTE
r-devel-linux-x86_64-fedora-clang 1.1 139.23 NOTE
r-devel-linux-x86_64-fedora-gcc 1.1 125.95 NOTE
r-devel-windows-x86_64-new-UL 1.1 22.00 137.00 159.00 OK
r-devel-windows-x86_64-new-TK 1.1 OK
r-devel-windows-x86_64-old 1.1 17.00 93.00 110.00 OK
r-patched-linux-x86_64 1.1 11.84 91.53 103.37 NOTE
r-release-linux-x86_64 1.1 9.68 90.56 100.24 NOTE
r-release-macos-arm64 1.1 OK
r-release-macos-x86_64 1.1 OK
r-release-windows-ix86+x86_64 1.1 26.00 120.00 146.00 OK
r-oldrel-macos-x86_64 1.1 OK
r-oldrel-windows-ix86+x86_64 1.1 26.00 123.00 149.00 OK

Check Details

Version: 1.1
Check: for non-standard things in the check directory
Result: NOTE
    Found the following files/directories:
     'sample .nwk'
Flavors: r-devel-linux-x86_64-debian-clang, r-devel-linux-x86_64-debian-gcc, r-devel-linux-x86_64-fedora-clang, r-devel-linux-x86_64-fedora-gcc, r-patched-linux-x86_64, r-release-linux-x86_64