CRAN Package Check Results for Package ether

Last updated on 2022-11-29 09:52:13 CET.

Flavor Version Tinstall Tcheck Ttotal Status Flags
r-devel-linux-x86_64-debian-clang 0.1.6 7.43 70.94 78.37 NOTE
r-devel-linux-x86_64-debian-gcc 0.1.6 6.08 52.47 58.55 NOTE
r-devel-linux-x86_64-fedora-clang 0.1.6 108.49 NOTE
r-devel-linux-x86_64-fedora-gcc 0.1.6 110.07 NOTE
r-devel-windows-x86_64 0.1.6 32.00 100.00 132.00 NOTE
r-patched-linux-x86_64 0.1.6 8.58 67.02 75.60 NOTE
r-release-linux-x86_64 0.1.6 6.53 68.92 75.45 NOTE
r-release-macos-arm64 0.1.6 29.00 NOTE
r-release-macos-x86_64 0.1.6 53.00 NOTE
r-release-windows-x86_64 0.1.6 25.00 103.00 128.00 NOTE
r-oldrel-macos-arm64 0.1.6 32.00 NOTE
r-oldrel-macos-x86_64 0.1.6 47.00 NOTE
r-oldrel-windows-ix86+x86_64 0.1.6 18.00 92.00 110.00 NOTE

Check Details

Version: 0.1.6
Check: LazyData
Result: NOTE
     'LazyData' is specified without a 'data' directory
Flavors: r-devel-linux-x86_64-debian-clang, r-devel-linux-x86_64-debian-gcc, r-devel-linux-x86_64-fedora-clang, r-devel-linux-x86_64-fedora-gcc, r-devel-windows-x86_64, r-patched-linux-x86_64, r-release-linux-x86_64, r-release-macos-arm64, r-release-macos-x86_64, r-release-windows-x86_64, r-oldrel-macos-arm64, r-oldrel-macos-x86_64, r-oldrel-windows-ix86+x86_64