Last updated on 2023-03-24 10:54:05 CET.
Flavor | Version | Tinstall | Tcheck | Ttotal | Status | Flags |
---|---|---|---|---|---|---|
r-devel-linux-x86_64-debian-clang | 1.1.0 | 4.28 | 33.64 | 37.92 | OK | |
r-devel-linux-x86_64-debian-gcc | 1.1.0 | 2.87 | 25.80 | 28.67 | OK | |
r-devel-linux-x86_64-fedora-clang | 1.1.0 | 47.28 | NOTE | |||
r-devel-linux-x86_64-fedora-gcc | 1.1.0 | 44.34 | NOTE | |||
r-patched-linux-x86_64 | 1.1.0 | 4.44 | 32.88 | 37.32 | OK | |
r-release-linux-x86_64 | 1.1.0 | 4.07 | 33.38 | 37.45 | OK | |
r-release-macos-arm64 | 1.1.0 | 17.00 | NOTE | |||
r-release-macos-x86_64 | 1.1.0 | 25.00 | NOTE | |||
r-release-windows-x86_64 | 1.1.0 | 17.00 | 63.00 | 80.00 | OK | |
r-oldrel-macos-arm64 | 1.1.0 | 23.00 | NOTE | |||
r-oldrel-macos-x86_64 | 1.1.0 | 37.00 | NOTE | |||
r-oldrel-windows-ix86+x86_64 | 1.1.0 | 7.00 | 59.00 | 66.00 | OK |
Version: 1.1.0
Check: dependencies in R code
Result: NOTE
Namespace in Imports field not imported from: ‘signal’
All declared Imports should be used.
Flavors: r-devel-linux-x86_64-fedora-clang, r-devel-linux-x86_64-fedora-gcc, r-release-macos-arm64, r-release-macos-x86_64, r-oldrel-macos-arm64, r-oldrel-macos-x86_64