CRAN Package Check Results for Package ergm.ego

Last updated on 2022-11-26 10:00:40 CET.

Flavor Version Tinstall Tcheck Ttotal Status Flags
r-devel-linux-x86_64-debian-clang 1.0.1 22.62 395.65 418.27 OK
r-devel-linux-x86_64-debian-gcc 1.0.1 20.25 295.52 315.77 OK
r-devel-linux-x86_64-fedora-clang 1.0.1 530.60 OK
r-devel-windows-x86_64 1.0.1 47.00 332.00 379.00 OK
r-patched-linux-x86_64 1.0.1 ERROR
r-release-linux-x86_64 1.0.1 21.75 372.42 394.17 OK
r-release-macos-arm64 1.0.1 162.00 OK
r-release-macos-x86_64 1.0.1 146.00 OK
r-release-windows-x86_64 1.0.1 56.00 331.00 387.00 OK
r-oldrel-macos-arm64 1.0.1 185.00 OK
r-oldrel-macos-x86_64 1.0.1 137.00 OK
r-oldrel-windows-ix86+x86_64 1.0.1 50.00 523.00 573.00 OK

Check Details

Version: 1.0.1
Check: package dependencies
Result: ERROR
    Package required but not available: ‘ergm’
    
    See section ‘The DESCRIPTION file’ in the ‘Writing R Extensions’
    manual.
Flavor: r-patched-linux-x86_64