CRAN Package Check Results for Package ergMargins

Last updated on 2022-12-03 10:51:19 CET.

Flavor Version Tinstall Tcheck Ttotal Status Flags
r-devel-linux-x86_64-debian-clang 0.1.3 3.45 42.23 45.68 OK
r-devel-linux-x86_64-debian-gcc 0.1.3 3.85 32.65 36.50 OK
r-devel-linux-x86_64-fedora-clang 0.1.3 72.51 NOTE
r-devel-linux-x86_64-fedora-gcc 0.1.3 72.19 NOTE
r-devel-windows-x86_64 0.1.3 12.00 73.00 85.00 OK
r-patched-linux-x86_64 0.1.3 3.58 41.53 45.11 OK
r-release-linux-x86_64 0.1.3 5.26 40.07 45.33 OK
r-release-macos-arm64 0.1.3 20.00 NOTE
r-release-macos-x86_64 0.1.3 27.00 NOTE
r-release-windows-x86_64 0.1.3 20.00 69.00 89.00 OK
r-oldrel-macos-arm64 0.1.3 24.00 NOTE
r-oldrel-macos-x86_64 0.1.3 28.00 NOTE
r-oldrel-windows-ix86+x86_64 0.1.3 11.00 62.00 73.00 OK

Check Details

Version: 0.1.3
Check: dependencies in R code
Result: NOTE
    Namespaces in Imports field not imported from:
     ‘methods’ ‘sna’ ‘statnet.common’
     All declared Imports should be used.
Flavors: r-devel-linux-x86_64-fedora-clang, r-devel-linux-x86_64-fedora-gcc, r-release-macos-arm64, r-release-macos-x86_64, r-oldrel-macos-arm64, r-oldrel-macos-x86_64

Version: 0.1.3
Check: Rd cross-references
Result: NOTE
    Undeclared package ‘margins’ in Rd xrefs
Flavor: r-devel-linux-x86_64-fedora-clang