CRAN Package Check Results for Package enviPat

Last updated on 2024-07-13 10:48:43 CEST.

Flavor Version Tinstall Tcheck Ttotal Status Flags
r-devel-linux-x86_64-debian-clang 2.6 8.39 40.02 48.41 NOTE
r-devel-linux-x86_64-debian-gcc 2.6 7.09 30.16 37.25 NOTE
r-devel-linux-x86_64-fedora-clang 2.6 62.25 NOTE
r-devel-linux-x86_64-fedora-gcc 2.6 59.39 NOTE
r-devel-windows-x86_64 2.6 12.00 52.00 64.00 NOTE
r-patched-linux-x86_64 2.6 7.81 37.97 45.78 OK
r-release-linux-x86_64 2.6 8.00 37.47 45.47 OK
r-release-macos-arm64 2.6 22.00 OK
r-release-macos-x86_64 2.6 31.00 OK
r-release-windows-x86_64 2.6 12.00 50.00 62.00 OK
r-oldrel-macos-arm64 2.6 23.00 OK
r-oldrel-macos-x86_64 2.6 33.00 OK
r-oldrel-windows-x86_64 2.6 12.00 55.00 67.00 OK

Check Details

Version: 2.6
Check: compiled code
Result: NOTE File ‘enviPat/libs/enviPat.so’: Found non-API call to R: ‘SETLENGTH’ Compiled code should not call non-API entry points in R. See ‘Writing portable packages’ in the ‘Writing R Extensions’ manual, and section ‘Moving into C API compliance’ for issues with the use of non-API entry points. Flavors: r-devel-linux-x86_64-debian-clang, r-devel-linux-x86_64-debian-gcc, r-devel-linux-x86_64-fedora-clang, r-devel-linux-x86_64-fedora-gcc

Version: 2.6
Check: compiled code
Result: NOTE File 'enviPat/libs/x64/enviPat.dll': Found non-API call to R: 'SETLENGTH' Compiled code should not call non-API entry points in R. See 'Writing portable packages' in the 'Writing R Extensions' manual, and section 'Moving into C API compliance' for issues with the use of non-API entry points. Flavor: r-devel-windows-x86_64