CRAN Package Check Results for Package entropart

Last updated on 2021-11-27 10:52:05 CET.

Flavor Version Tinstall Tcheck Ttotal Status Flags
r-devel-linux-x86_64-debian-clang 1.6-8 OK
r-devel-linux-x86_64-debian-gcc 1.6-8 8.83 132.33 141.16 OK
r-devel-linux-x86_64-fedora-clang 1.6-8 236.30 NOTE
r-devel-linux-x86_64-fedora-gcc 1.6-8 223.74 NOTE
r-devel-windows-x86_64-new-UL 1.6-8 31.00 272.00 303.00 OK
r-devel-windows-x86_64-new-TK 1.6-8 NOTE
r-devel-windows-x86_64-old 1.6-8 19.00 215.00 234.00 OK
r-patched-linux-x86_64 1.6-8 21.25 169.54 190.79 OK
r-patched-solaris-x86 1.6-8 231.30 NOTE
r-release-linux-x86_64 1.6-8 OK
r-release-macos-arm64 1.6-8 NOTE
r-release-macos-x86_64 1.6-8 NOTE
r-release-windows-ix86+x86_64 1.6-8 26.00 161.00 187.00 OK
r-oldrel-macos-x86_64 1.6-8 NOTE
r-oldrel-windows-ix86+x86_64 1.6-8 25.00 212.00 237.00 OK

Check Details

Version: 1.6-8
Check: dependencies in R code
Result: NOTE
    Namespaces in Imports field not imported from:
     ‘SPECIES’ ‘ade4’
     All declared Imports should be used.
Flavors: r-devel-linux-x86_64-fedora-clang, r-devel-linux-x86_64-fedora-gcc, r-devel-windows-x86_64-new-TK, r-patched-solaris-x86, r-release-macos-arm64, r-release-macos-x86_64, r-oldrel-macos-x86_64