CRAN Package Check Results for Package emoji

Last updated on 2022-12-04 09:55:16 CET.

Flavor Version Tinstall Tcheck Ttotal Status Flags
r-devel-linux-x86_64-debian-clang 15.0 2.64 33.03 35.67 OK
r-devel-linux-x86_64-debian-gcc 15.0 3.51 30.33 33.84 OK
r-devel-linux-x86_64-fedora-clang 15.0 54.85 NOTE
r-devel-linux-x86_64-fedora-gcc 15.0 52.78 NOTE
r-devel-windows-x86_64 15.0 20.00 71.00 91.00 OK
r-patched-linux-x86_64 15.0 4.52 36.89 41.41 OK
r-release-linux-x86_64 15.0 2.13 31.38 33.51 OK
r-release-macos-arm64 15.0 29.00 NOTE
r-release-macos-x86_64 15.0 24.00 NOTE
r-release-windows-x86_64 15.0 20.00 64.00 84.00 OK
r-oldrel-macos-arm64 15.0 25.00 NOTE
r-oldrel-macos-x86_64 15.0 29.00 NOTE
r-oldrel-windows-ix86+x86_64 15.0 8.00 58.00 66.00 OK

Check Details

Version: 15.0
Check: data for non-ASCII characters
Result: NOTE
     Note: found 16919 marked UTF-8 strings
Flavors: r-devel-linux-x86_64-fedora-clang, r-devel-linux-x86_64-fedora-gcc, r-release-macos-arm64, r-release-macos-x86_64, r-oldrel-macos-arm64, r-oldrel-macos-x86_64