CRAN Package Check Results for Package emdbook

Last updated on 2022-11-28 09:50:44 CET.

Flavor Version Tinstall Tcheck Ttotal Status Flags
r-devel-linux-x86_64-debian-clang 1.3.12 8.67 99.66 108.33 OK
r-devel-linux-x86_64-debian-gcc 1.3.12 7.57 77.30 84.87 OK
r-devel-linux-x86_64-fedora-clang 1.3.12 147.77 NOTE
r-devel-linux-x86_64-fedora-gcc 1.3.12 145.60 OK
r-devel-windows-x86_64 1.3.12 29.00 134.00 163.00 OK
r-patched-linux-x86_64 1.3.12 10.06 96.63 106.69 OK
r-release-linux-x86_64 1.3.12 12.46 95.54 108.00 OK
r-release-macos-arm64 1.3.12 35.00 OK
r-release-macos-x86_64 1.3.12 55.00 NOTE
r-release-windows-x86_64 1.3.12 44.00 137.00 181.00 OK
r-oldrel-macos-arm64 1.3.12 46.00 NOTE
r-oldrel-macos-x86_64 1.3.12 78.00 OK
r-oldrel-windows-ix86+x86_64 1.3.12 24.00 121.00 145.00 OK

Check Details

Version: 1.3.12
Check: Rd cross-references
Result: NOTE
    Undeclared package ‘mvtnorm’ in Rd xrefs
Flavor: r-devel-linux-x86_64-fedora-clang

Version: 1.3.12
Check: package dependencies
Result: NOTE
    Package suggested but not available for checking: ‘R2jags’
Flavors: r-release-macos-x86_64, r-oldrel-macos-arm64