CRAN Package Check Results for Package electionsBR

Last updated on 2022-12-07 10:49:57 CET.

Flavor Version Tinstall Tcheck Ttotal Status Flags
r-devel-linux-x86_64-debian-clang 0.3.2 7.05 58.82 65.87 NOTE
r-devel-linux-x86_64-debian-gcc 0.3.2 4.30 43.77 48.07 NOTE
r-devel-linux-x86_64-fedora-clang 0.3.2 90.25 NOTE
r-devel-linux-x86_64-fedora-gcc 0.3.2 98.11 NOTE
r-devel-windows-x86_64 0.3.2 36.00 87.00 123.00 NOTE
r-patched-linux-x86_64 0.3.2 4.24 52.95 57.19 NOTE
r-release-linux-x86_64 0.3.2 3.63 53.43 57.06 NOTE
r-release-macos-arm64 0.3.2 25.00 NOTE
r-release-macos-x86_64 0.3.2 41.00 NOTE
r-release-windows-x86_64 0.3.2 42.00 87.00 129.00 NOTE
r-oldrel-macos-arm64 0.3.2 29.00 NOTE
r-oldrel-macos-x86_64 0.3.2 45.00 NOTE
r-oldrel-windows-ix86+x86_64 0.3.2 15.00 77.00 92.00 NOTE

Check Details

Version: 0.3.2
Check: LazyData
Result: NOTE
     'LazyData' is specified without a 'data' directory
Flavors: r-devel-linux-x86_64-debian-clang, r-devel-linux-x86_64-debian-gcc, r-devel-linux-x86_64-fedora-clang, r-devel-linux-x86_64-fedora-gcc, r-devel-windows-x86_64, r-patched-linux-x86_64, r-release-linux-x86_64, r-release-macos-arm64, r-release-macos-x86_64, r-release-windows-x86_64, r-oldrel-macos-arm64, r-oldrel-macos-x86_64, r-oldrel-windows-ix86+x86_64

Version: 0.3.2
Check: dependencies in R code
Result: NOTE
    Namespace in Imports field not imported from: ‘stats’
     All declared Imports should be used.
Flavors: r-devel-linux-x86_64-fedora-clang, r-devel-linux-x86_64-fedora-gcc, r-release-macos-arm64, r-release-macos-x86_64, r-oldrel-macos-arm64, r-oldrel-macos-x86_64