Last updated on 2023-02-01 10:51:44 CET.
Flavor | Version | Tinstall | Tcheck | Ttotal | Status | Flags |
---|---|---|---|---|---|---|
r-devel-linux-x86_64-debian-clang | 1.11 | 2.81 | 32.16 | 34.97 | NOTE | |
r-devel-linux-x86_64-debian-gcc | 1.11 | 2.12 | 24.60 | 26.72 | NOTE | |
r-devel-linux-x86_64-fedora-clang | 1.11 | 43.67 | NOTE | |||
r-devel-linux-x86_64-fedora-gcc | 1.11 | 41.17 | NOTE | |||
r-devel-windows-x86_64 | 1.11 | 29.00 | 63.00 | 92.00 | NOTE | |
r-patched-linux-x86_64 | 1.11 | 3.01 | 31.13 | 34.14 | OK | |
r-release-linux-x86_64 | 1.11 | 3.08 | 31.94 | 35.02 | OK | |
r-release-macos-arm64 | 1.11 | 17.00 | OK | |||
r-release-macos-x86_64 | 1.11 | 25.00 | OK | |||
r-release-windows-x86_64 | 1.11 | 7.00 | 54.00 | 61.00 | OK | |
r-oldrel-macos-arm64 | 1.11 | 20.00 | OK | |||
r-oldrel-macos-x86_64 | 1.11 | 33.00 | OK | |||
r-oldrel-windows-ix86+x86_64 | 1.11 | 5.00 | 33.00 | 38.00 | OK |
Version: 1.11
Check: package subdirectories
Result: NOTE
Problems with news in ‘NEWS.md’:
No news entries found.
Flavors: r-devel-linux-x86_64-debian-clang, r-devel-linux-x86_64-debian-gcc, r-devel-linux-x86_64-fedora-clang, r-devel-linux-x86_64-fedora-gcc, r-devel-windows-x86_64