CRAN Package Check Results for Package efreadr

Last updated on 2022-12-01 09:55:07 CET.

Flavor Version Tinstall Tcheck Ttotal Status Flags
r-devel-linux-x86_64-debian-clang 0.2.2 6.16 52.90 59.06 NOTE
r-devel-linux-x86_64-debian-gcc 0.2.2 5.11 39.31 44.42 NOTE
r-devel-linux-x86_64-fedora-clang 0.2.2 81.44 NOTE
r-devel-linux-x86_64-fedora-gcc 0.2.2 77.01 NOTE
r-devel-windows-x86_64 0.2.2 20.00 84.00 104.00 NOTE
r-patched-linux-x86_64 0.2.2 5.41 48.31 53.72 NOTE
r-release-linux-x86_64 0.2.2 5.48 48.50 53.98 NOTE
r-release-macos-arm64 0.2.2 22.00 NOTE
r-release-macos-x86_64 0.2.2 45.00 NOTE
r-release-windows-x86_64 0.2.2 11.00 84.00 95.00 NOTE
r-oldrel-macos-arm64 0.2.2 26.00 NOTE
r-oldrel-macos-x86_64 0.2.2 35.00 NOTE
r-oldrel-windows-ix86+x86_64 0.2.2 14.00 70.00 84.00 NOTE

Check Details

Version: 0.2.2
Check: LazyData
Result: NOTE
     'LazyData' is specified without a 'data' directory
Flavors: r-devel-linux-x86_64-debian-clang, r-devel-linux-x86_64-debian-gcc, r-devel-linux-x86_64-fedora-clang, r-devel-linux-x86_64-fedora-gcc, r-devel-windows-x86_64, r-patched-linux-x86_64, r-release-linux-x86_64, r-release-macos-arm64, r-release-macos-x86_64, r-release-windows-x86_64, r-oldrel-macos-arm64, r-oldrel-macos-x86_64, r-oldrel-windows-ix86+x86_64