CRAN Package Check Results for Package effectR

Last updated on 2022-12-04 09:55:16 CET.

Flavor Version Tinstall Tcheck Ttotal Status Flags
r-devel-linux-x86_64-debian-clang 1.0.2 5.51 47.02 52.53 OK
r-devel-linux-x86_64-debian-gcc 1.0.2 4.00 37.90 41.90 OK
r-devel-linux-x86_64-fedora-clang 1.0.2 75.76 NOTE
r-devel-linux-x86_64-fedora-gcc 1.0.2 90.01 NOTE
r-devel-windows-x86_64 1.0.2 8.00 77.00 85.00 OK
r-patched-linux-x86_64 1.0.2 7.87 45.20 53.07 OK
r-release-linux-x86_64 1.0.2 4.78 48.22 53.00 OK
r-release-macos-arm64 1.0.2 22.00 NOTE
r-release-macos-x86_64 1.0.2 45.00 NOTE
r-release-windows-x86_64 1.0.2 18.00 82.00 100.00 OK
r-oldrel-macos-arm64 1.0.2 26.00 NOTE
r-oldrel-macos-x86_64 1.0.2 43.00 NOTE
r-oldrel-windows-ix86+x86_64 1.0.2 13.00 77.00 90.00 OK

Check Details

Version: 1.0.2
Check: dependencies in R code
Result: NOTE
    Namespace in Imports field not imported from: ‘rmarkdown’
     All declared Imports should be used.
Flavors: r-devel-linux-x86_64-fedora-clang, r-devel-linux-x86_64-fedora-gcc, r-release-macos-arm64, r-release-macos-x86_64, r-oldrel-macos-arm64, r-oldrel-macos-x86_64